{"id":28356,"date":"2022-01-06T09:02:05","date_gmt":"2022-01-06T12:02:05","guid":{"rendered":"https:\/\/www.museuhistoricosl.com.br\/loja\/produto\/sl076-fd-0112\/"},"modified":"2022-01-06T09:02:05","modified_gmt":"2022-01-06T12:02:05","slug":"sl076-fd-0112","status":"publish","type":"product","link":"https:\/\/www.museuhistoricosl.com.br\/loja\/produto\/sl076-fd-0112\/","title":{"rendered":"SL076-FD-0112"},"content":{"rendered":"<p>Bal\u00e9 e Artes, Academia de Dan\u00e7a da Professora J\u00f4, Dan\u00e7a, Crian\u00e7as, alunas com a professora; Eventos, shows, feiras, cultura; <\/p>\n","protected":false},"excerpt":{"rendered":"<p>Bal\u00e9 e Artes, Academia de Dan\u00e7a da Professora J\u00f4, Dan\u00e7a, Crian\u00e7as, alunas com a professora; Eventos, shows, feiras, cultura;<\/p>\n","protected":false},"featured_media":28355,"comment_status":"open","ping_status":"closed","template":"","meta":{"_acf_changed":false},"product_cat":[65,62,64,63],"product_tag":[],"class_list":["post-28356","product","type-product","status-publish","has-post-thumbnail","hentry","product_cat-cultura","product_cat-eventos","product_cat-feiras","product_cat-shows"],"acf":[],"_links":{"self":[{"href":"https:\/\/www.museuhistoricosl.com.br\/loja\/wp-json\/wp\/v2\/product\/28356","targetHints":{"allow":["GET"]}}],"collection":[{"href":"https:\/\/www.museuhistoricosl.com.br\/loja\/wp-json\/wp\/v2\/product"}],"about":[{"href":"https:\/\/www.museuhistoricosl.com.br\/loja\/wp-json\/wp\/v2\/types\/product"}],"replies":[{"embeddable":true,"href":"https:\/\/www.museuhistoricosl.com.br\/loja\/wp-json\/wp\/v2\/comments?post=28356"}],"wp:featuredmedia":[{"embeddable":true,"href":"https:\/\/www.museuhistoricosl.com.br\/loja\/wp-json\/wp\/v2\/media\/28355"}],"wp:attachment":[{"href":"https:\/\/www.museuhistoricosl.com.br\/loja\/wp-json\/wp\/v2\/media?parent=28356"}],"wp:term":[{"taxonomy":"product_cat","embeddable":true,"href":"https:\/\/www.museuhistoricosl.com.br\/loja\/wp-json\/wp\/v2\/product_cat?post=28356"},{"taxonomy":"product_tag","embeddable":true,"href":"https:\/\/www.museuhistoricosl.com.br\/loja\/wp-json\/wp\/v2\/product_tag?post=28356"}],"curies":[{"name":"wp","href":"https:\/\/api.w.org\/{rel}","templated":true}]}}

<p>Balé e Artes, Academia de Dança da Professora Jô, Dança, Crianças, alunas com a professora; Eventos, shows, feiras, cultura; </p>

<p>Balé e Artes, Academia de Dança da Professora Jô, Dança, Crianças, alunas com a professora; Eventos, shows, feiras, cultura;</p>
