{"id":27349,"date":"2022-01-06T08:41:26","date_gmt":"2022-01-06T11:41:26","guid":{"rendered":"https:\/\/www.museuhistoricosl.com.br\/loja\/produto\/sl036-fd-1198\/"},"modified":"2022-01-06T08:41:26","modified_gmt":"2022-01-06T11:41:26","slug":"sl036-fd-1198","status":"publish","type":"product","link":"https:\/\/www.museuhistoricosl.com.br\/loja\/produto\/sl036-fd-1198\/","title":{"rendered":"SL036-FD-1198"},"content":{"rendered":"<p>Polonesa do Baile de inaugura\u00e7\u00e3o da Sociedade Recreativa Uni\u00e3o, na vila Scharlau. &#8220;Marcando&#8221; a polonesa o casal Frederico Adolfo M\u00a8ller, 1\u00ba Presidente da SRU; Esportes; <\/p>\n","protected":false},"excerpt":{"rendered":"<p>Polonesa do Baile de inaugura\u00e7\u00e3o da Sociedade Recreativa Uni\u00e3o, na vila Scharlau. &#8220;Marcando&#8221; a polonesa o casal Frederico Adolfo M\u00a8ller,<\/p>\n","protected":false},"featured_media":27348,"comment_status":"open","ping_status":"closed","template":"","meta":{"_acf_changed":false},"product_cat":[61],"product_tag":[],"class_list":["post-27349","product","type-product","status-publish","has-post-thumbnail","hentry","product_cat-esportes"],"acf":[],"_links":{"self":[{"href":"https:\/\/www.museuhistoricosl.com.br\/loja\/wp-json\/wp\/v2\/product\/27349","targetHints":{"allow":["GET"]}}],"collection":[{"href":"https:\/\/www.museuhistoricosl.com.br\/loja\/wp-json\/wp\/v2\/product"}],"about":[{"href":"https:\/\/www.museuhistoricosl.com.br\/loja\/wp-json\/wp\/v2\/types\/product"}],"replies":[{"embeddable":true,"href":"https:\/\/www.museuhistoricosl.com.br\/loja\/wp-json\/wp\/v2\/comments?post=27349"}],"wp:featuredmedia":[{"embeddable":true,"href":"https:\/\/www.museuhistoricosl.com.br\/loja\/wp-json\/wp\/v2\/media\/27348"}],"wp:attachment":[{"href":"https:\/\/www.museuhistoricosl.com.br\/loja\/wp-json\/wp\/v2\/media?parent=27349"}],"wp:term":[{"taxonomy":"product_cat","embeddable":true,"href":"https:\/\/www.museuhistoricosl.com.br\/loja\/wp-json\/wp\/v2\/product_cat?post=27349"},{"taxonomy":"product_tag","embeddable":true,"href":"https:\/\/www.museuhistoricosl.com.br\/loja\/wp-json\/wp\/v2\/product_tag?post=27349"}],"curies":[{"name":"wp","href":"https:\/\/api.w.org\/{rel}","templated":true}]}}