{"id":26543,"date":"2022-01-06T08:36:49","date_gmt":"2022-01-06T11:36:49","guid":{"rendered":"https:\/\/www.museuhistoricosl.com.br\/loja\/produto\/sl036-fd-0795\/"},"modified":"2022-01-06T08:36:49","modified_gmt":"2022-01-06T11:36:49","slug":"sl036-fd-0795","status":"publish","type":"product","link":"https:\/\/www.museuhistoricosl.com.br\/loja\/produto\/sl036-fd-0795\/","title":{"rendered":"SL036-FD-0795"},"content":{"rendered":"<p>Esportes, Rafael Heicrich, 1\u00ba Lugar Camp. Ga\u00facho Internacional, L\u00e9o Bergochea, T\u00e9cnico, Rafael Veeck, 2\u00ba Lugar Campeonato Ga\u00facho Classe A, Rua Grande; Esportes; <\/p>\n","protected":false},"excerpt":{"rendered":"<p>Esportes, Rafael Heicrich, 1\u00ba Lugar Camp. Ga\u00facho Internacional, L\u00e9o Bergochea, T\u00e9cnico, Rafael Veeck, 2\u00ba Lugar Campeonato Ga\u00facho Classe A, Rua<\/p>\n","protected":false},"featured_media":26542,"comment_status":"open","ping_status":"closed","template":"","meta":{"_acf_changed":false},"product_cat":[61],"product_tag":[],"class_list":["post-26543","product","type-product","status-publish","has-post-thumbnail","hentry","product_cat-esportes"],"acf":[],"_links":{"self":[{"href":"https:\/\/www.museuhistoricosl.com.br\/loja\/wp-json\/wp\/v2\/product\/26543","targetHints":{"allow":["GET"]}}],"collection":[{"href":"https:\/\/www.museuhistoricosl.com.br\/loja\/wp-json\/wp\/v2\/product"}],"about":[{"href":"https:\/\/www.museuhistoricosl.com.br\/loja\/wp-json\/wp\/v2\/types\/product"}],"replies":[{"embeddable":true,"href":"https:\/\/www.museuhistoricosl.com.br\/loja\/wp-json\/wp\/v2\/comments?post=26543"}],"wp:featuredmedia":[{"embeddable":true,"href":"https:\/\/www.museuhistoricosl.com.br\/loja\/wp-json\/wp\/v2\/media\/26542"}],"wp:attachment":[{"href":"https:\/\/www.museuhistoricosl.com.br\/loja\/wp-json\/wp\/v2\/media?parent=26543"}],"wp:term":[{"taxonomy":"product_cat","embeddable":true,"href":"https:\/\/www.museuhistoricosl.com.br\/loja\/wp-json\/wp\/v2\/product_cat?post=26543"},{"taxonomy":"product_tag","embeddable":true,"href":"https:\/\/www.museuhistoricosl.com.br\/loja\/wp-json\/wp\/v2\/product_tag?post=26543"}],"curies":[{"name":"wp","href":"https:\/\/api.w.org\/{rel}","templated":true}]}}