{"id":25027,"date":"2022-01-06T08:28:01","date_gmt":"2022-01-06T11:28:01","guid":{"rendered":"https:\/\/www.museuhistoricosl.com.br\/loja\/produto\/sl036-fd-0037\/"},"modified":"2022-01-06T08:28:01","modified_gmt":"2022-01-06T11:28:01","slug":"sl036-fd-0037","status":"publish","type":"product","link":"https:\/\/www.museuhistoricosl.com.br\/loja\/produto\/sl036-fd-0037\/","title":{"rendered":"SL036-FD-0037"},"content":{"rendered":"<p>Jantar de despedida da Diretoria do Club Riograndense, 1940 (vista de parte do sal\u00e3o de dan\u00e7as) &#8211; da esquerda para a direta: Caloca Costa, Jos\u00e9 Gutierrez, Sra. Gutierrez, Nestor Guimar\u00e3es, Parahim Lustosa, M\u00e1rio Herculano Schmidt. &#8211; C\u00f3digo anterior de cat\u00e1logo:FD 36,37; Esportes; <\/p>\n","protected":false},"excerpt":{"rendered":"<p>Jantar de despedida da Diretoria do Club Riograndense, 1940 (vista de parte do sal\u00e3o de dan\u00e7as) &#8211; da esquerda para<\/p>\n","protected":false},"featured_media":25026,"comment_status":"open","ping_status":"closed","template":"","meta":{"_acf_changed":false},"product_cat":[61],"product_tag":[],"class_list":["post-25027","product","type-product","status-publish","has-post-thumbnail","hentry","product_cat-esportes"],"acf":[],"_links":{"self":[{"href":"https:\/\/www.museuhistoricosl.com.br\/loja\/wp-json\/wp\/v2\/product\/25027","targetHints":{"allow":["GET"]}}],"collection":[{"href":"https:\/\/www.museuhistoricosl.com.br\/loja\/wp-json\/wp\/v2\/product"}],"about":[{"href":"https:\/\/www.museuhistoricosl.com.br\/loja\/wp-json\/wp\/v2\/types\/product"}],"replies":[{"embeddable":true,"href":"https:\/\/www.museuhistoricosl.com.br\/loja\/wp-json\/wp\/v2\/comments?post=25027"}],"wp:featuredmedia":[{"embeddable":true,"href":"https:\/\/www.museuhistoricosl.com.br\/loja\/wp-json\/wp\/v2\/media\/25026"}],"wp:attachment":[{"href":"https:\/\/www.museuhistoricosl.com.br\/loja\/wp-json\/wp\/v2\/media?parent=25027"}],"wp:term":[{"taxonomy":"product_cat","embeddable":true,"href":"https:\/\/www.museuhistoricosl.com.br\/loja\/wp-json\/wp\/v2\/product_cat?post=25027"},{"taxonomy":"product_tag","embeddable":true,"href":"https:\/\/www.museuhistoricosl.com.br\/loja\/wp-json\/wp\/v2\/product_tag?post=25027"}],"curies":[{"name":"wp","href":"https:\/\/api.w.org\/{rel}","templated":true}]}}

<p>Jantar de despedida da Diretoria do Club Riograndense, 1940 (vista de parte do salão de danças) &#8211; da esquerda para a direta: Caloca Costa, José Gutierrez, Sra. Gutierrez, Nestor Guimarães, Parahim Lustosa, Mário Herculano Schmidt. &#8211; Código anterior de catálogo:FD 36,37; Esportes; </p>

<p>Jantar de despedida da Diretoria do Club Riograndense, 1940 (vista de parte do salão de danças) &#8211; da esquerda para</p>
