{"id":24392,"date":"2022-01-05T10:24:07","date_gmt":"2022-01-05T13:24:07","guid":{"rendered":"https:\/\/www.museuhistoricosl.com.br\/loja\/produto\/sl033-fd-1622\/"},"modified":"2022-01-05T10:24:07","modified_gmt":"2022-01-05T13:24:07","slug":"sl033-fd-1622","status":"publish","type":"product","link":"https:\/\/www.museuhistoricosl.com.br\/loja\/produto\/sl033-fd-1622\/","title":{"rendered":"SL033-FD-1622"},"content":{"rendered":"<p>Escola Estadual Professor Pedro Schneider 1\u00ba e 2\u00ba Graus, Alunas da divulga\u00e7\u00e3o do show Canto e Cordas do Col\u00e9gio Pedrinho, 09\/1985; Escolas; <\/p>\n","protected":false},"excerpt":{"rendered":"<p>Escola Estadual Professor Pedro Schneider 1\u00ba e 2\u00ba Graus, Alunas da divulga\u00e7\u00e3o do show Canto e Cordas do Col\u00e9gio Pedrinho,<\/p>\n","protected":false},"featured_media":24391,"comment_status":"open","ping_status":"closed","template":"","meta":{"_acf_changed":false},"product_cat":[60],"product_tag":[],"class_list":["post-24392","product","type-product","status-publish","has-post-thumbnail","hentry","product_cat-escolas"],"acf":[],"_links":{"self":[{"href":"https:\/\/www.museuhistoricosl.com.br\/loja\/wp-json\/wp\/v2\/product\/24392","targetHints":{"allow":["GET"]}}],"collection":[{"href":"https:\/\/www.museuhistoricosl.com.br\/loja\/wp-json\/wp\/v2\/product"}],"about":[{"href":"https:\/\/www.museuhistoricosl.com.br\/loja\/wp-json\/wp\/v2\/types\/product"}],"replies":[{"embeddable":true,"href":"https:\/\/www.museuhistoricosl.com.br\/loja\/wp-json\/wp\/v2\/comments?post=24392"}],"wp:featuredmedia":[{"embeddable":true,"href":"https:\/\/www.museuhistoricosl.com.br\/loja\/wp-json\/wp\/v2\/media\/24391"}],"wp:attachment":[{"href":"https:\/\/www.museuhistoricosl.com.br\/loja\/wp-json\/wp\/v2\/media?parent=24392"}],"wp:term":[{"taxonomy":"product_cat","embeddable":true,"href":"https:\/\/www.museuhistoricosl.com.br\/loja\/wp-json\/wp\/v2\/product_cat?post=24392"},{"taxonomy":"product_tag","embeddable":true,"href":"https:\/\/www.museuhistoricosl.com.br\/loja\/wp-json\/wp\/v2\/product_tag?post=24392"}],"curies":[{"name":"wp","href":"https:\/\/api.w.org\/{rel}","templated":true}]}}