{"id":23629,"date":"2022-01-05T10:15:51","date_gmt":"2022-01-05T13:15:51","guid":{"rendered":"https:\/\/www.museuhistoricosl.com.br\/loja\/produto\/sl033-fd-1179-2\/"},"modified":"2022-01-05T10:15:51","modified_gmt":"2022-01-05T13:15:51","slug":"sl033-fd-1179-2","status":"publish","type":"product","link":"https:\/\/www.museuhistoricosl.com.br\/loja\/produto\/sl033-fd-1179-2\/","title":{"rendered":"SL033-FD-1179"},"content":{"rendered":"<p>Reuni\u00f5es do Magist\u00e9rio Municipal, Ceprol, Assembl\u00e9ia geral do magist\u00e9rio municipal Greve, decide continua\u00e7\u00e3o da paralisa\u00e7\u00e3o, 18\/09\/1986; Escolas; <\/p>\n","protected":false},"excerpt":{"rendered":"<p>Reuni\u00f5es do Magist\u00e9rio Municipal, Ceprol, Assembl\u00e9ia geral do magist\u00e9rio municipal Greve, decide continua\u00e7\u00e3o da paralisa\u00e7\u00e3o, 18\/09\/1986; Escolas;<\/p>\n","protected":false},"featured_media":22187,"comment_status":"open","ping_status":"closed","template":"","meta":{"_acf_changed":false},"product_cat":[60],"product_tag":[],"class_list":["post-23629","product","type-product","status-publish","has-post-thumbnail","hentry","product_cat-escolas"],"acf":[],"_links":{"self":[{"href":"https:\/\/www.museuhistoricosl.com.br\/loja\/wp-json\/wp\/v2\/product\/23629","targetHints":{"allow":["GET"]}}],"collection":[{"href":"https:\/\/www.museuhistoricosl.com.br\/loja\/wp-json\/wp\/v2\/product"}],"about":[{"href":"https:\/\/www.museuhistoricosl.com.br\/loja\/wp-json\/wp\/v2\/types\/product"}],"replies":[{"embeddable":true,"href":"https:\/\/www.museuhistoricosl.com.br\/loja\/wp-json\/wp\/v2\/comments?post=23629"}],"wp:featuredmedia":[{"embeddable":true,"href":"https:\/\/www.museuhistoricosl.com.br\/loja\/wp-json\/wp\/v2\/media\/22187"}],"wp:attachment":[{"href":"https:\/\/www.museuhistoricosl.com.br\/loja\/wp-json\/wp\/v2\/media?parent=23629"}],"wp:term":[{"taxonomy":"product_cat","embeddable":true,"href":"https:\/\/www.museuhistoricosl.com.br\/loja\/wp-json\/wp\/v2\/product_cat?post=23629"},{"taxonomy":"product_tag","embeddable":true,"href":"https:\/\/www.museuhistoricosl.com.br\/loja\/wp-json\/wp\/v2\/product_tag?post=23629"}],"curies":[{"name":"wp","href":"https:\/\/api.w.org\/{rel}","templated":true}]}}