{"id":23623,"date":"2022-01-05T10:15:46","date_gmt":"2022-01-05T13:15:46","guid":{"rendered":"https:\/\/www.museuhistoricosl.com.br\/loja\/produto\/sl033-fd-1173-2\/"},"modified":"2022-01-05T10:15:46","modified_gmt":"2022-01-05T13:15:46","slug":"sl033-fd-1173-2","status":"publish","type":"product","link":"https:\/\/www.museuhistoricosl.com.br\/loja\/produto\/sl033-fd-1173-2\/","title":{"rendered":"SL033-FD-1173"},"content":{"rendered":"<p>Reuni\u00f5es do Magist\u00e9rio Municipal, Professores Municipais, Prefeitura Mun. Reuni\u00e3o na Biblioteca, Hardi Leichtweis, Jo\u00e3o Calros Alves Rodrigues, Waldir Schmidt, Gilberto Santos, Maria Cristina Gon\u00e7alves, Clarice Jaeger, Maria Rosp\u00e9lia Marcelino Silva, 14\/04\/1984; Escolas; <\/p>\n","protected":false},"excerpt":{"rendered":"<p>Reuni\u00f5es do Magist\u00e9rio Municipal, Professores Municipais, Prefeitura Mun. Reuni\u00e3o na Biblioteca, Hardi Leichtweis, Jo\u00e3o Calros Alves Rodrigues, Waldir Schmidt, Gilberto<\/p>\n","protected":false},"featured_media":22175,"comment_status":"open","ping_status":"closed","template":"","meta":{"_acf_changed":false},"product_cat":[60],"product_tag":[],"class_list":["post-23623","product","type-product","status-publish","has-post-thumbnail","hentry","product_cat-escolas"],"acf":[],"_links":{"self":[{"href":"https:\/\/www.museuhistoricosl.com.br\/loja\/wp-json\/wp\/v2\/product\/23623","targetHints":{"allow":["GET"]}}],"collection":[{"href":"https:\/\/www.museuhistoricosl.com.br\/loja\/wp-json\/wp\/v2\/product"}],"about":[{"href":"https:\/\/www.museuhistoricosl.com.br\/loja\/wp-json\/wp\/v2\/types\/product"}],"replies":[{"embeddable":true,"href":"https:\/\/www.museuhistoricosl.com.br\/loja\/wp-json\/wp\/v2\/comments?post=23623"}],"wp:featuredmedia":[{"embeddable":true,"href":"https:\/\/www.museuhistoricosl.com.br\/loja\/wp-json\/wp\/v2\/media\/22175"}],"wp:attachment":[{"href":"https:\/\/www.museuhistoricosl.com.br\/loja\/wp-json\/wp\/v2\/media?parent=23623"}],"wp:term":[{"taxonomy":"product_cat","embeddable":true,"href":"https:\/\/www.museuhistoricosl.com.br\/loja\/wp-json\/wp\/v2\/product_cat?post=23623"},{"taxonomy":"product_tag","embeddable":true,"href":"https:\/\/www.museuhistoricosl.com.br\/loja\/wp-json\/wp\/v2\/product_tag?post=23623"}],"curies":[{"name":"wp","href":"https:\/\/api.w.org\/{rel}","templated":true}]}}