{"id":23328,"date":"2022-01-05T10:11:45","date_gmt":"2022-01-05T13:11:45","guid":{"rendered":"https:\/\/www.museuhistoricosl.com.br\/loja\/produto\/sl033-fd-0877-2\/"},"modified":"2022-01-05T10:11:45","modified_gmt":"2022-01-05T13:11:45","slug":"sl033-fd-0877-2","status":"publish","type":"product","link":"https:\/\/www.museuhistoricosl.com.br\/loja\/produto\/sl033-fd-0877-2\/","title":{"rendered":"SL033-FD-0877"},"content":{"rendered":"<p>Cruz Vermelha Brasileira, S\u00e3o Leopoldo, Inaugura\u00e7\u00e3o do novo pr\u00e9dio do pr\u00e9-escolar, b\u00ean\u00e7\u00e3o pelo Padre Arno, 30\/11\/1983; Escolas; <\/p>\n","protected":false},"excerpt":{"rendered":"<p>Cruz Vermelha Brasileira, S\u00e3o Leopoldo, Inaugura\u00e7\u00e3o do novo pr\u00e9dio do pr\u00e9-escolar, b\u00ean\u00e7\u00e3o pelo Padre Arno, 30\/11\/1983; Escolas;<\/p>\n","protected":false},"featured_media":21585,"comment_status":"open","ping_status":"closed","template":"","meta":{"_acf_changed":false},"product_cat":[60],"product_tag":[],"class_list":["post-23328","product","type-product","status-publish","has-post-thumbnail","hentry","product_cat-escolas"],"acf":[],"_links":{"self":[{"href":"https:\/\/www.museuhistoricosl.com.br\/loja\/wp-json\/wp\/v2\/product\/23328","targetHints":{"allow":["GET"]}}],"collection":[{"href":"https:\/\/www.museuhistoricosl.com.br\/loja\/wp-json\/wp\/v2\/product"}],"about":[{"href":"https:\/\/www.museuhistoricosl.com.br\/loja\/wp-json\/wp\/v2\/types\/product"}],"replies":[{"embeddable":true,"href":"https:\/\/www.museuhistoricosl.com.br\/loja\/wp-json\/wp\/v2\/comments?post=23328"}],"wp:featuredmedia":[{"embeddable":true,"href":"https:\/\/www.museuhistoricosl.com.br\/loja\/wp-json\/wp\/v2\/media\/21585"}],"wp:attachment":[{"href":"https:\/\/www.museuhistoricosl.com.br\/loja\/wp-json\/wp\/v2\/media?parent=23328"}],"wp:term":[{"taxonomy":"product_cat","embeddable":true,"href":"https:\/\/www.museuhistoricosl.com.br\/loja\/wp-json\/wp\/v2\/product_cat?post=23328"},{"taxonomy":"product_tag","embeddable":true,"href":"https:\/\/www.museuhistoricosl.com.br\/loja\/wp-json\/wp\/v2\/product_tag?post=23328"}],"curies":[{"name":"wp","href":"https:\/\/api.w.org\/{rel}","templated":true}]}}