{"id":23173,"date":"2022-01-05T10:09:47","date_gmt":"2022-01-05T13:09:47","guid":{"rendered":"https:\/\/www.museuhistoricosl.com.br\/loja\/produto\/sl033-fd-0722-2\/"},"modified":"2022-01-05T10:09:47","modified_gmt":"2022-01-05T13:09:47","slug":"sl033-fd-0722-2","status":"publish","type":"product","link":"https:\/\/www.museuhistoricosl.com.br\/loja\/produto\/sl033-fd-0722-2\/","title":{"rendered":"SL033-FD-0722"},"content":{"rendered":"<p>Col\u00e9gio S\u00e3o Jos\u00e9. 1\u00aa Turma do Gin\u00e1sio, 1945. &#8211; C\u00f3digo anterior de cat\u00e1logo:FD 33.2,22; Escolas; <\/p>\n","protected":false},"excerpt":{"rendered":"<p>Col\u00e9gio S\u00e3o Jos\u00e9. 1\u00aa Turma do Gin\u00e1sio, 1945. &#8211; C\u00f3digo anterior de cat\u00e1logo:FD 33.2,22; Escolas;<\/p>\n","protected":false},"featured_media":21275,"comment_status":"open","ping_status":"closed","template":"","meta":{"_acf_changed":false},"product_cat":[60],"product_tag":[],"class_list":["post-23173","product","type-product","status-publish","has-post-thumbnail","hentry","product_cat-escolas"],"acf":[],"_links":{"self":[{"href":"https:\/\/www.museuhistoricosl.com.br\/loja\/wp-json\/wp\/v2\/product\/23173","targetHints":{"allow":["GET"]}}],"collection":[{"href":"https:\/\/www.museuhistoricosl.com.br\/loja\/wp-json\/wp\/v2\/product"}],"about":[{"href":"https:\/\/www.museuhistoricosl.com.br\/loja\/wp-json\/wp\/v2\/types\/product"}],"replies":[{"embeddable":true,"href":"https:\/\/www.museuhistoricosl.com.br\/loja\/wp-json\/wp\/v2\/comments?post=23173"}],"wp:featuredmedia":[{"embeddable":true,"href":"https:\/\/www.museuhistoricosl.com.br\/loja\/wp-json\/wp\/v2\/media\/21275"}],"wp:attachment":[{"href":"https:\/\/www.museuhistoricosl.com.br\/loja\/wp-json\/wp\/v2\/media?parent=23173"}],"wp:term":[{"taxonomy":"product_cat","embeddable":true,"href":"https:\/\/www.museuhistoricosl.com.br\/loja\/wp-json\/wp\/v2\/product_cat?post=23173"},{"taxonomy":"product_tag","embeddable":true,"href":"https:\/\/www.museuhistoricosl.com.br\/loja\/wp-json\/wp\/v2\/product_tag?post=23173"}],"curies":[{"name":"wp","href":"https:\/\/api.w.org\/{rel}","templated":true}]}}