{"id":23085,"date":"2022-01-05T10:08:41","date_gmt":"2022-01-05T13:08:41","guid":{"rendered":"https:\/\/www.museuhistoricosl.com.br\/loja\/produto\/sl033-fd-0634-2\/"},"modified":"2022-01-05T10:08:41","modified_gmt":"2022-01-05T13:08:41","slug":"sl033-fd-0634-2","status":"publish","type":"product","link":"https:\/\/www.museuhistoricosl.com.br\/loja\/produto\/sl033-fd-0634-2\/","title":{"rendered":"SL033-FD-0634"},"content":{"rendered":"<p>Cetempn- Centro Tecn\u00f3logico Mec\u00e2nica de Precis\u00e3o do Senai, Inaugura\u00e7\u00e3o, Inaugura\u00e7\u00e3o, Jair Soares e o senador Albano Franco, presidente da Conferera\u00e7\u00e3o Nacional da Ind\u00fastria, descerram a fita, 10\/05\/1983; Escolas; <\/p>\n","protected":false},"excerpt":{"rendered":"<p>Cetempn- Centro Tecn\u00f3logico Mec\u00e2nica de Precis\u00e3o do Senai, Inaugura\u00e7\u00e3o, Inaugura\u00e7\u00e3o, Jair Soares e o senador Albano Franco, presidente da Conferera\u00e7\u00e3o<\/p>\n","protected":false},"featured_media":21099,"comment_status":"open","ping_status":"closed","template":"","meta":{"_acf_changed":false},"product_cat":[60],"product_tag":[],"class_list":["post-23085","product","type-product","status-publish","has-post-thumbnail","hentry","product_cat-escolas"],"acf":[],"_links":{"self":[{"href":"https:\/\/www.museuhistoricosl.com.br\/loja\/wp-json\/wp\/v2\/product\/23085","targetHints":{"allow":["GET"]}}],"collection":[{"href":"https:\/\/www.museuhistoricosl.com.br\/loja\/wp-json\/wp\/v2\/product"}],"about":[{"href":"https:\/\/www.museuhistoricosl.com.br\/loja\/wp-json\/wp\/v2\/types\/product"}],"replies":[{"embeddable":true,"href":"https:\/\/www.museuhistoricosl.com.br\/loja\/wp-json\/wp\/v2\/comments?post=23085"}],"wp:featuredmedia":[{"embeddable":true,"href":"https:\/\/www.museuhistoricosl.com.br\/loja\/wp-json\/wp\/v2\/media\/21099"}],"wp:attachment":[{"href":"https:\/\/www.museuhistoricosl.com.br\/loja\/wp-json\/wp\/v2\/media?parent=23085"}],"wp:term":[{"taxonomy":"product_cat","embeddable":true,"href":"https:\/\/www.museuhistoricosl.com.br\/loja\/wp-json\/wp\/v2\/product_cat?post=23085"},{"taxonomy":"product_tag","embeddable":true,"href":"https:\/\/www.museuhistoricosl.com.br\/loja\/wp-json\/wp\/v2\/product_tag?post=23085"}],"curies":[{"name":"wp","href":"https:\/\/api.w.org\/{rel}","templated":true}]}}