{"id":22938,"date":"2022-01-05T10:06:48","date_gmt":"2022-01-05T13:06:48","guid":{"rendered":"https:\/\/www.museuhistoricosl.com.br\/loja\/produto\/sl033-fd-0485-2\/"},"modified":"2022-01-05T10:06:48","modified_gmt":"2022-01-05T13:06:48","slug":"sl033-fd-0485-2","status":"publish","type":"product","link":"https:\/\/www.museuhistoricosl.com.br\/loja\/produto\/sl033-fd-0485-2\/","title":{"rendered":"SL033-FD-0485"},"content":{"rendered":"<p>Col\u00e9gio S\u00e3o Jos\u00e9: Sentados: 1-Beatriz Silveira, 2-&#8230;.., 3-Genoveva Botafogo Stumpf, Col\u00e9gio S\u00e3o Luiz: Meninos em p\u00e9: 1_&#8230;,2-Telmo Forges,3-&#8230;, Col\u00e9gio Santa Terezinha: Meninas em p\u00e9: 1-&#8230;,2-Nilda&#8230;Scherer, M. Fonseca; Escolas; <\/p>\n","protected":false},"excerpt":{"rendered":"<p>Col\u00e9gio S\u00e3o Jos\u00e9: Sentados: 1-Beatriz Silveira, 2-&#8230;.., 3-Genoveva Botafogo Stumpf, Col\u00e9gio S\u00e3o Luiz: Meninos em p\u00e9: 1_&#8230;,2-Telmo Forges,3-&#8230;, Col\u00e9gio Santa<\/p>\n","protected":false},"featured_media":20805,"comment_status":"open","ping_status":"closed","template":"","meta":{"_acf_changed":false},"product_cat":[60],"product_tag":[],"class_list":["post-22938","product","type-product","status-publish","has-post-thumbnail","hentry","product_cat-escolas"],"acf":[],"_links":{"self":[{"href":"https:\/\/www.museuhistoricosl.com.br\/loja\/wp-json\/wp\/v2\/product\/22938","targetHints":{"allow":["GET"]}}],"collection":[{"href":"https:\/\/www.museuhistoricosl.com.br\/loja\/wp-json\/wp\/v2\/product"}],"about":[{"href":"https:\/\/www.museuhistoricosl.com.br\/loja\/wp-json\/wp\/v2\/types\/product"}],"replies":[{"embeddable":true,"href":"https:\/\/www.museuhistoricosl.com.br\/loja\/wp-json\/wp\/v2\/comments?post=22938"}],"wp:featuredmedia":[{"embeddable":true,"href":"https:\/\/www.museuhistoricosl.com.br\/loja\/wp-json\/wp\/v2\/media\/20805"}],"wp:attachment":[{"href":"https:\/\/www.museuhistoricosl.com.br\/loja\/wp-json\/wp\/v2\/media?parent=22938"}],"wp:term":[{"taxonomy":"product_cat","embeddable":true,"href":"https:\/\/www.museuhistoricosl.com.br\/loja\/wp-json\/wp\/v2\/product_cat?post=22938"},{"taxonomy":"product_tag","embeddable":true,"href":"https:\/\/www.museuhistoricosl.com.br\/loja\/wp-json\/wp\/v2\/product_tag?post=22938"}],"curies":[{"name":"wp","href":"https:\/\/api.w.org\/{rel}","templated":true}]}}