{"id":22738,"date":"2022-01-05T10:04:25","date_gmt":"2022-01-05T13:04:25","guid":{"rendered":"https:\/\/www.museuhistoricosl.com.br\/loja\/produto\/sl033-fd-0285-2\/"},"modified":"2022-01-05T10:04:25","modified_gmt":"2022-01-05T13:04:25","slug":"sl033-fd-0285-2","status":"publish","type":"product","link":"https:\/\/www.museuhistoricosl.com.br\/loja\/produto\/sl033-fd-0285-2\/","title":{"rendered":"SL033-FD-0285"},"content":{"rendered":"<p>Alunos do Ex-Col\u00e9gio Agr\u00edcola Escola Estadual de II Grau Visconde de S\u00e3o Leopoldo, reunidos na escola, 17\/08\/1983; Escolas; <\/p>\n","protected":false},"excerpt":{"rendered":"<p>Alunos do Ex-Col\u00e9gio Agr\u00edcola Escola Estadual de II Grau Visconde de S\u00e3o Leopoldo, reunidos na escola, 17\/08\/1983; Escolas;<\/p>\n","protected":false},"featured_media":20405,"comment_status":"open","ping_status":"closed","template":"","meta":{"_acf_changed":false},"product_cat":[60],"product_tag":[],"class_list":["post-22738","product","type-product","status-publish","has-post-thumbnail","hentry","product_cat-escolas"],"acf":[],"_links":{"self":[{"href":"https:\/\/www.museuhistoricosl.com.br\/loja\/wp-json\/wp\/v2\/product\/22738","targetHints":{"allow":["GET"]}}],"collection":[{"href":"https:\/\/www.museuhistoricosl.com.br\/loja\/wp-json\/wp\/v2\/product"}],"about":[{"href":"https:\/\/www.museuhistoricosl.com.br\/loja\/wp-json\/wp\/v2\/types\/product"}],"replies":[{"embeddable":true,"href":"https:\/\/www.museuhistoricosl.com.br\/loja\/wp-json\/wp\/v2\/comments?post=22738"}],"wp:featuredmedia":[{"embeddable":true,"href":"https:\/\/www.museuhistoricosl.com.br\/loja\/wp-json\/wp\/v2\/media\/20405"}],"wp:attachment":[{"href":"https:\/\/www.museuhistoricosl.com.br\/loja\/wp-json\/wp\/v2\/media?parent=22738"}],"wp:term":[{"taxonomy":"product_cat","embeddable":true,"href":"https:\/\/www.museuhistoricosl.com.br\/loja\/wp-json\/wp\/v2\/product_cat?post=22738"},{"taxonomy":"product_tag","embeddable":true,"href":"https:\/\/www.museuhistoricosl.com.br\/loja\/wp-json\/wp\/v2\/product_tag?post=22738"}],"curies":[{"name":"wp","href":"https:\/\/api.w.org\/{rel}","templated":true}]}}