{"id":22458,"date":"2022-01-05T10:01:44","date_gmt":"2022-01-05T13:01:44","guid":{"rendered":"https:\/\/www.museuhistoricosl.com.br\/loja\/produto\/sl033-fd-0005-2\/"},"modified":"2022-01-05T10:01:44","modified_gmt":"2022-01-05T13:01:44","slug":"sl033-fd-0005-2","status":"publish","type":"product","link":"https:\/\/www.museuhistoricosl.com.br\/loja\/produto\/sl033-fd-0005-2\/","title":{"rendered":"SL033-FD-0005"},"content":{"rendered":"<p>Remi Molin e o novo executivo da Uni\u00e3o Leopoldense dos Estudantes Secundaristas &#8211; ULES. &#8211; C\u00f3digo anterior de cat\u00e1logo:FD 33,05; Escolas; <\/p>\n","protected":false},"excerpt":{"rendered":"<p>Remi Molin e o novo executivo da Uni\u00e3o Leopoldense dos Estudantes Secundaristas &#8211; ULES. &#8211; C\u00f3digo anterior de cat\u00e1logo:FD 33,05;<\/p>\n","protected":false},"featured_media":19845,"comment_status":"open","ping_status":"closed","template":"","meta":{"_acf_changed":false},"product_cat":[60],"product_tag":[],"class_list":["post-22458","product","type-product","status-publish","has-post-thumbnail","hentry","product_cat-escolas"],"acf":[],"_links":{"self":[{"href":"https:\/\/www.museuhistoricosl.com.br\/loja\/wp-json\/wp\/v2\/product\/22458","targetHints":{"allow":["GET"]}}],"collection":[{"href":"https:\/\/www.museuhistoricosl.com.br\/loja\/wp-json\/wp\/v2\/product"}],"about":[{"href":"https:\/\/www.museuhistoricosl.com.br\/loja\/wp-json\/wp\/v2\/types\/product"}],"replies":[{"embeddable":true,"href":"https:\/\/www.museuhistoricosl.com.br\/loja\/wp-json\/wp\/v2\/comments?post=22458"}],"wp:featuredmedia":[{"embeddable":true,"href":"https:\/\/www.museuhistoricosl.com.br\/loja\/wp-json\/wp\/v2\/media\/19845"}],"wp:attachment":[{"href":"https:\/\/www.museuhistoricosl.com.br\/loja\/wp-json\/wp\/v2\/media?parent=22458"}],"wp:term":[{"taxonomy":"product_cat","embeddable":true,"href":"https:\/\/www.museuhistoricosl.com.br\/loja\/wp-json\/wp\/v2\/product_cat?post=22458"},{"taxonomy":"product_tag","embeddable":true,"href":"https:\/\/www.museuhistoricosl.com.br\/loja\/wp-json\/wp\/v2\/product_tag?post=22458"}],"curies":[{"name":"wp","href":"https:\/\/api.w.org\/{rel}","templated":true}]}}

<p>Remi Molin e o novo executivo da União Leopoldense dos Estudantes Secundaristas &#8211; ULES. &#8211; Código anterior de catálogo:FD 33,05; Escolas; </p>

<p>Remi Molin e o novo executivo da União Leopoldense dos Estudantes Secundaristas &#8211; ULES. &#8211; Código anterior de catálogo:FD 33,05;</p>
