{"id":22446,"date":"2022-01-05T10:01:40","date_gmt":"2022-01-05T13:01:40","guid":{"rendered":"https:\/\/www.museuhistoricosl.com.br\/loja\/produto\/nh033-fd-0006-2\/"},"modified":"2022-01-05T10:01:40","modified_gmt":"2022-01-05T13:01:40","slug":"nh033-fd-0006-2","status":"publish","type":"product","link":"https:\/\/www.museuhistoricosl.com.br\/loja\/produto\/nh033-fd-0006-2\/","title":{"rendered":"NH033-FD-0006"},"content":{"rendered":"<p>Funda\u00e7\u00e3o Evang\u00e9lica de Hamburgo Velho, Ao Srs. Guilherme de A. Mirjen, Porto Alegre, Hamburgo Velho, 26\/08\/1939, Presado Guilherme, Envio-te o meu sinsero abra\u00e7o de felicidades pelo anivers\u00e1rio que hoje transcorre, Ilza, Eis o Col\u00e9gio em que eu m\u00f3ro o qual espera a honra de tua visita.; Escolas; <\/p>\n","protected":false},"excerpt":{"rendered":"<p>Funda\u00e7\u00e3o Evang\u00e9lica de Hamburgo Velho, Ao Srs. Guilherme de A. Mirjen, Porto Alegre, Hamburgo Velho, 26\/08\/1939, Presado Guilherme, Envio-te o<\/p>\n","protected":false},"featured_media":19821,"comment_status":"open","ping_status":"closed","template":"","meta":{"_acf_changed":false},"product_cat":[60],"product_tag":[],"class_list":["post-22446","product","type-product","status-publish","has-post-thumbnail","hentry","product_cat-escolas"],"acf":[],"_links":{"self":[{"href":"https:\/\/www.museuhistoricosl.com.br\/loja\/wp-json\/wp\/v2\/product\/22446","targetHints":{"allow":["GET"]}}],"collection":[{"href":"https:\/\/www.museuhistoricosl.com.br\/loja\/wp-json\/wp\/v2\/product"}],"about":[{"href":"https:\/\/www.museuhistoricosl.com.br\/loja\/wp-json\/wp\/v2\/types\/product"}],"replies":[{"embeddable":true,"href":"https:\/\/www.museuhistoricosl.com.br\/loja\/wp-json\/wp\/v2\/comments?post=22446"}],"wp:featuredmedia":[{"embeddable":true,"href":"https:\/\/www.museuhistoricosl.com.br\/loja\/wp-json\/wp\/v2\/media\/19821"}],"wp:attachment":[{"href":"https:\/\/www.museuhistoricosl.com.br\/loja\/wp-json\/wp\/v2\/media?parent=22446"}],"wp:term":[{"taxonomy":"product_cat","embeddable":true,"href":"https:\/\/www.museuhistoricosl.com.br\/loja\/wp-json\/wp\/v2\/product_cat?post=22446"},{"taxonomy":"product_tag","embeddable":true,"href":"https:\/\/www.museuhistoricosl.com.br\/loja\/wp-json\/wp\/v2\/product_tag?post=22446"}],"curies":[{"name":"wp","href":"https:\/\/api.w.org\/{rel}","templated":true}]}}

<p>Fundação Evangélica de Hamburgo Velho, Ao Srs. Guilherme de A. Mirjen, Porto Alegre, Hamburgo Velho, 26/08/1939, Presado Guilherme, Envio-te o meu sinsero abraço de felicidades pelo aniversário que hoje transcorre, Ilza, Eis o Colégio em que eu móro o qual espera a honra de tua visita.; Escolas; </p>

<p>Fundação Evangélica de Hamburgo Velho, Ao Srs. Guilherme de A. Mirjen, Porto Alegre, Hamburgo Velho, 26/08/1939, Presado Guilherme, Envio-te o</p>
