{"id":22435,"date":"2022-01-05T10:01:36","date_gmt":"2022-01-05T13:01:36","guid":{"rendered":"https:\/\/www.museuhistoricosl.com.br\/loja\/produto\/bp033-fd-0001-2\/"},"modified":"2022-01-05T10:01:36","modified_gmt":"2022-01-05T13:01:36","slug":"bp033-fd-0001-2","status":"publish","type":"product","link":"https:\/\/www.museuhistoricosl.com.br\/loja\/produto\/bp033-fd-0001-2\/","title":{"rendered":"BP033-FD-0001"},"content":{"rendered":"<p>Escola de Bom Princ\u00edpio, Munic\u00edpio de S\u00e3o Sebasti\u00e3o dio Ca\u00ed, ( Pl\u00e1cio, Pedro, Francisco Minton, Marcos Reimaldo, Luiz Carlos ) Webler, Pai: Jacob Egon e M\u00e3e: Nrlly, 08\/1971; Escolas; <\/p>\n","protected":false},"excerpt":{"rendered":"<p>Escola de Bom Princ\u00edpio, Munic\u00edpio de S\u00e3o Sebasti\u00e3o dio Ca\u00ed, ( Pl\u00e1cio, Pedro, Francisco Minton, Marcos Reimaldo, Luiz Carlos )<\/p>\n","protected":false},"featured_media":19799,"comment_status":"open","ping_status":"closed","template":"","meta":{"_acf_changed":false},"product_cat":[60],"product_tag":[],"class_list":["post-22435","product","type-product","status-publish","has-post-thumbnail","hentry","product_cat-escolas"],"acf":[],"_links":{"self":[{"href":"https:\/\/www.museuhistoricosl.com.br\/loja\/wp-json\/wp\/v2\/product\/22435","targetHints":{"allow":["GET"]}}],"collection":[{"href":"https:\/\/www.museuhistoricosl.com.br\/loja\/wp-json\/wp\/v2\/product"}],"about":[{"href":"https:\/\/www.museuhistoricosl.com.br\/loja\/wp-json\/wp\/v2\/types\/product"}],"replies":[{"embeddable":true,"href":"https:\/\/www.museuhistoricosl.com.br\/loja\/wp-json\/wp\/v2\/comments?post=22435"}],"wp:featuredmedia":[{"embeddable":true,"href":"https:\/\/www.museuhistoricosl.com.br\/loja\/wp-json\/wp\/v2\/media\/19799"}],"wp:attachment":[{"href":"https:\/\/www.museuhistoricosl.com.br\/loja\/wp-json\/wp\/v2\/media?parent=22435"}],"wp:term":[{"taxonomy":"product_cat","embeddable":true,"href":"https:\/\/www.museuhistoricosl.com.br\/loja\/wp-json\/wp\/v2\/product_cat?post=22435"},{"taxonomy":"product_tag","embeddable":true,"href":"https:\/\/www.museuhistoricosl.com.br\/loja\/wp-json\/wp\/v2\/product_tag?post=22435"}],"curies":[{"name":"wp","href":"https:\/\/api.w.org\/{rel}","templated":true}]}}

<p>Escola de Bom Princípio, Município de São Sebastião dio Caí, ( Plácio, Pedro, Francisco Minton, Marcos Reimaldo, Luiz Carlos ) Webler, Pai: Jacob Egon e Mãe: Nrlly, 08/1971; Escolas; </p>

<p>Escola de Bom Princípio, Município de São Sebastião dio Caí, ( Plácio, Pedro, Francisco Minton, Marcos Reimaldo, Luiz Carlos )</p>
