{"id":19548,"date":"2022-01-04T09:23:24","date_gmt":"2022-01-04T12:23:24","guid":{"rendered":"https:\/\/www.museuhistoricosl.com.br\/loja\/produto\/sl034-fd-0020\/"},"modified":"2022-01-04T09:23:24","modified_gmt":"2022-01-04T12:23:24","slug":"sl034-fd-0020","status":"publish","type":"product","link":"https:\/\/www.museuhistoricosl.com.br\/loja\/produto\/sl034-fd-0020\/","title":{"rendered":"SL034-FD-0020"},"content":{"rendered":"<p>Escola Estadual de I Grau Visconde de S\u00e3o Leopoldo, Luis Garcia da Silva, participa\u00e7\u00e3o da Prodiarte, 30\/08\/1983; Escola Estadual Visconde de S\u00e3o Leopoldo; <\/p>\n","protected":false},"excerpt":{"rendered":"<p>Escola Estadual de I Grau Visconde de S\u00e3o Leopoldo, Luis Garcia da Silva, participa\u00e7\u00e3o da Prodiarte, 30\/08\/1983; Escola Estadual Visconde<\/p>\n","protected":false},"featured_media":19547,"comment_status":"open","ping_status":"closed","template":"","meta":{"_acf_changed":false},"product_cat":[58],"product_tag":[],"class_list":["post-19548","product","type-product","status-publish","has-post-thumbnail","hentry","product_cat-escola-estadual-visconde-de-sao-leopoldo"],"acf":[],"_links":{"self":[{"href":"https:\/\/www.museuhistoricosl.com.br\/loja\/wp-json\/wp\/v2\/product\/19548","targetHints":{"allow":["GET"]}}],"collection":[{"href":"https:\/\/www.museuhistoricosl.com.br\/loja\/wp-json\/wp\/v2\/product"}],"about":[{"href":"https:\/\/www.museuhistoricosl.com.br\/loja\/wp-json\/wp\/v2\/types\/product"}],"replies":[{"embeddable":true,"href":"https:\/\/www.museuhistoricosl.com.br\/loja\/wp-json\/wp\/v2\/comments?post=19548"}],"wp:featuredmedia":[{"embeddable":true,"href":"https:\/\/www.museuhistoricosl.com.br\/loja\/wp-json\/wp\/v2\/media\/19547"}],"wp:attachment":[{"href":"https:\/\/www.museuhistoricosl.com.br\/loja\/wp-json\/wp\/v2\/media?parent=19548"}],"wp:term":[{"taxonomy":"product_cat","embeddable":true,"href":"https:\/\/www.museuhistoricosl.com.br\/loja\/wp-json\/wp\/v2\/product_cat?post=19548"},{"taxonomy":"product_tag","embeddable":true,"href":"https:\/\/www.museuhistoricosl.com.br\/loja\/wp-json\/wp\/v2\/product_tag?post=19548"}],"curies":[{"name":"wp","href":"https:\/\/api.w.org\/{rel}","templated":true}]}}

<p>Escola Estadual de I Grau Visconde de São Leopoldo, Luis Garcia da Silva, participação da Prodiarte, 30/08/1983; Escola Estadual Visconde de São Leopoldo; </p>

<p>Escola Estadual de I Grau Visconde de São Leopoldo, Luis Garcia da Silva, participação da Prodiarte, 30/08/1983; Escola Estadual Visconde</p>
