{"id":19532,"date":"2022-01-04T09:23:21","date_gmt":"2022-01-04T12:23:21","guid":{"rendered":"https:\/\/www.museuhistoricosl.com.br\/loja\/produto\/sl034-fd-0012\/"},"modified":"2022-01-04T09:23:21","modified_gmt":"2022-01-04T12:23:21","slug":"sl034-fd-0012","status":"publish","type":"product","link":"https:\/\/www.museuhistoricosl.com.br\/loja\/produto\/sl034-fd-0012\/","title":{"rendered":"SL034-FD-0012"},"content":{"rendered":"<p>Escola Estadual Visconde de S\u00e3o Leopoldo &#8211; Professores que fundaram, ou melhor, deram aulas no in\u00edcio do Col\u00e9gio Elementar Visconde de S\u00e3o Leopoldo &#8211; 1913. 1 &#8211; Maria Gusm\u00e3o. 2 &#8211; Maria da Gl\u00f3ria Vianna Moog. 3 &#8211; Professor Jaeger.  4 &#8211; _________________. 5 &#8211; Estela Gusm\u00e3o. 6 &#8211; (no centro) Professor Ant\u00f4nio. 7 &#8211; Em\u00edlia Martin. &#8211; C\u00f3digo anterior de cat\u00e1logo:FD 34,12; Escola Estadual Visconde de S\u00e3o Leopoldo; <\/p>\n","protected":false},"excerpt":{"rendered":"<p>Escola Estadual Visconde de S\u00e3o Leopoldo &#8211; Professores que fundaram, ou melhor, deram aulas no in\u00edcio do Col\u00e9gio Elementar Visconde<\/p>\n","protected":false},"featured_media":19531,"comment_status":"open","ping_status":"closed","template":"","meta":{"_acf_changed":false},"product_cat":[58],"product_tag":[],"class_list":["post-19532","product","type-product","status-publish","has-post-thumbnail","hentry","product_cat-escola-estadual-visconde-de-sao-leopoldo"],"acf":[],"_links":{"self":[{"href":"https:\/\/www.museuhistoricosl.com.br\/loja\/wp-json\/wp\/v2\/product\/19532","targetHints":{"allow":["GET"]}}],"collection":[{"href":"https:\/\/www.museuhistoricosl.com.br\/loja\/wp-json\/wp\/v2\/product"}],"about":[{"href":"https:\/\/www.museuhistoricosl.com.br\/loja\/wp-json\/wp\/v2\/types\/product"}],"replies":[{"embeddable":true,"href":"https:\/\/www.museuhistoricosl.com.br\/loja\/wp-json\/wp\/v2\/comments?post=19532"}],"wp:featuredmedia":[{"embeddable":true,"href":"https:\/\/www.museuhistoricosl.com.br\/loja\/wp-json\/wp\/v2\/media\/19531"}],"wp:attachment":[{"href":"https:\/\/www.museuhistoricosl.com.br\/loja\/wp-json\/wp\/v2\/media?parent=19532"}],"wp:term":[{"taxonomy":"product_cat","embeddable":true,"href":"https:\/\/www.museuhistoricosl.com.br\/loja\/wp-json\/wp\/v2\/product_cat?post=19532"},{"taxonomy":"product_tag","embeddable":true,"href":"https:\/\/www.museuhistoricosl.com.br\/loja\/wp-json\/wp\/v2\/product_tag?post=19532"}],"curies":[{"name":"wp","href":"https:\/\/api.w.org\/{rel}","templated":true}]}}

<p>Escola Estadual Visconde de São Leopoldo &#8211; Professores que fundaram, ou melhor, deram aulas no início do Colégio Elementar Visconde de São Leopoldo &#8211; 1913. 1 &#8211; Maria Gusmão. 2 &#8211; Maria da Glória Vianna Moog. 3 &#8211; Professor Jaeger.  4 &#8211; _________________. 5 &#8211; Estela Gusmão. 6 &#8211; (no centro) Professor Antônio. 7 &#8211; Emília Martin. &#8211; Código anterior de catálogo:FD 34,12; Escola Estadual Visconde de São Leopoldo; </p>

<p>Escola Estadual Visconde de São Leopoldo &#8211; Professores que fundaram, ou melhor, deram aulas no início do Colégio Elementar Visconde</p>
