{"id":19524,"date":"2022-01-04T09:23:19","date_gmt":"2022-01-04T12:23:19","guid":{"rendered":"https:\/\/www.museuhistoricosl.com.br\/loja\/produto\/sl034-fd-0008\/"},"modified":"2022-01-04T09:23:19","modified_gmt":"2022-01-04T12:23:19","slug":"sl034-fd-0008","status":"publish","type":"product","link":"https:\/\/www.museuhistoricosl.com.br\/loja\/produto\/sl034-fd-0008\/","title":{"rendered":"SL034-FD-0008"},"content":{"rendered":"<p>Escola Estadual Visconde de S\u00e3o Leopoldo &#8211; 1932. Da esquerda para a direita- De p\u00e9: Adelina Cunha, Cec\u00edlia Feiten, Am\u00e9lia Crusius, Lidia Jaeger, L\u00facia sperb, Em\u00edlia Silveira, Elsa Dauber Steimer, Maria Moog, Alice Becker, Ifig\u00eania Le\u00e3o Borges, Alba Magalh\u00e3es. Sentada: Iolanda Stabel, Natalina Mesquita, Ida Silveira, Em\u00edlia Martin, Ainda Galperin Costa, Carmem Beltr\u00e3o, Esther Stabel. &#8211; C\u00f3digo anterior de cat\u00e1logo:FD 34,8; Escola Estadual Visconde de S\u00e3o Leopoldo; <\/p>\n","protected":false},"excerpt":{"rendered":"<p>Escola Estadual Visconde de S\u00e3o Leopoldo &#8211; 1932. Da esquerda para a direita- De p\u00e9: Adelina Cunha, Cec\u00edlia Feiten, Am\u00e9lia<\/p>\n","protected":false},"featured_media":19523,"comment_status":"open","ping_status":"closed","template":"","meta":{"_acf_changed":false},"product_cat":[58],"product_tag":[],"class_list":["post-19524","product","type-product","status-publish","has-post-thumbnail","hentry","product_cat-escola-estadual-visconde-de-sao-leopoldo"],"acf":[],"_links":{"self":[{"href":"https:\/\/www.museuhistoricosl.com.br\/loja\/wp-json\/wp\/v2\/product\/19524","targetHints":{"allow":["GET"]}}],"collection":[{"href":"https:\/\/www.museuhistoricosl.com.br\/loja\/wp-json\/wp\/v2\/product"}],"about":[{"href":"https:\/\/www.museuhistoricosl.com.br\/loja\/wp-json\/wp\/v2\/types\/product"}],"replies":[{"embeddable":true,"href":"https:\/\/www.museuhistoricosl.com.br\/loja\/wp-json\/wp\/v2\/comments?post=19524"}],"wp:featuredmedia":[{"embeddable":true,"href":"https:\/\/www.museuhistoricosl.com.br\/loja\/wp-json\/wp\/v2\/media\/19523"}],"wp:attachment":[{"href":"https:\/\/www.museuhistoricosl.com.br\/loja\/wp-json\/wp\/v2\/media?parent=19524"}],"wp:term":[{"taxonomy":"product_cat","embeddable":true,"href":"https:\/\/www.museuhistoricosl.com.br\/loja\/wp-json\/wp\/v2\/product_cat?post=19524"},{"taxonomy":"product_tag","embeddable":true,"href":"https:\/\/www.museuhistoricosl.com.br\/loja\/wp-json\/wp\/v2\/product_tag?post=19524"}],"curies":[{"name":"wp","href":"https:\/\/api.w.org\/{rel}","templated":true}]}}

<p>Escola Estadual Visconde de São Leopoldo &#8211; 1932. Da esquerda para a direita- De pé: Adelina Cunha, Cecília Feiten, Amélia Crusius, Lidia Jaeger, Lúcia sperb, Emília Silveira, Elsa Dauber Steimer, Maria Moog, Alice Becker, Ifigênia Leão Borges, Alba Magalhães. Sentada: Iolanda Stabel, Natalina Mesquita, Ida Silveira, Emília Martin, Ainda Galperin Costa, Carmem Beltrão, Esther Stabel. &#8211; Código anterior de catálogo:FD 34,8; Escola Estadual Visconde de São Leopoldo; </p>

<p>Escola Estadual Visconde de São Leopoldo &#8211; 1932. Da esquerda para a direita- De pé: Adelina Cunha, Cecília Feiten, Amélia</p>
