{"id":19522,"date":"2022-01-04T09:23:19","date_gmt":"2022-01-04T12:23:19","guid":{"rendered":"https:\/\/www.museuhistoricosl.com.br\/loja\/produto\/sl034-fd-0007\/"},"modified":"2022-01-04T09:23:19","modified_gmt":"2022-01-04T12:23:19","slug":"sl034-fd-0007","status":"publish","type":"product","link":"https:\/\/www.museuhistoricosl.com.br\/loja\/produto\/sl034-fd-0007\/","title":{"rendered":"SL034-FD-0007"},"content":{"rendered":"<p>Escola Estadual Visconde de S\u00e3o Leopoldo &#8211; Corpo Docente do col\u00e9gio elementar de S\u00e3o Leopoldo, 12\/10\/1928. Am\u00e9lia Crusius, L\u00facia Sperb Sander, Serena Boechel, Em\u00edlio Boechel, Hilda Weber, Gon\u00e7alina Osvaldo Aranha, Elsa Dauber Steimer, Em\u00edlio Kemp, Em\u00edlia Martin, Esther Stabel, Natalina Mesquita, ______, Carmem Beltr\u00e3o, Alice Becker. &#8211; C\u00f3digo anterior de cat\u00e1logo:FD 34,7; Escola Estadual Visconde de S\u00e3o Leopoldo; <\/p>\n","protected":false},"excerpt":{"rendered":"<p>Escola Estadual Visconde de S\u00e3o Leopoldo &#8211; Corpo Docente do col\u00e9gio elementar de S\u00e3o Leopoldo, 12\/10\/1928. Am\u00e9lia Crusius, L\u00facia Sperb<\/p>\n","protected":false},"featured_media":19521,"comment_status":"open","ping_status":"closed","template":"","meta":{"_acf_changed":false},"product_cat":[58],"product_tag":[],"class_list":["post-19522","product","type-product","status-publish","has-post-thumbnail","hentry","product_cat-escola-estadual-visconde-de-sao-leopoldo"],"acf":[],"_links":{"self":[{"href":"https:\/\/www.museuhistoricosl.com.br\/loja\/wp-json\/wp\/v2\/product\/19522","targetHints":{"allow":["GET"]}}],"collection":[{"href":"https:\/\/www.museuhistoricosl.com.br\/loja\/wp-json\/wp\/v2\/product"}],"about":[{"href":"https:\/\/www.museuhistoricosl.com.br\/loja\/wp-json\/wp\/v2\/types\/product"}],"replies":[{"embeddable":true,"href":"https:\/\/www.museuhistoricosl.com.br\/loja\/wp-json\/wp\/v2\/comments?post=19522"}],"wp:featuredmedia":[{"embeddable":true,"href":"https:\/\/www.museuhistoricosl.com.br\/loja\/wp-json\/wp\/v2\/media\/19521"}],"wp:attachment":[{"href":"https:\/\/www.museuhistoricosl.com.br\/loja\/wp-json\/wp\/v2\/media?parent=19522"}],"wp:term":[{"taxonomy":"product_cat","embeddable":true,"href":"https:\/\/www.museuhistoricosl.com.br\/loja\/wp-json\/wp\/v2\/product_cat?post=19522"},{"taxonomy":"product_tag","embeddable":true,"href":"https:\/\/www.museuhistoricosl.com.br\/loja\/wp-json\/wp\/v2\/product_tag?post=19522"}],"curies":[{"name":"wp","href":"https:\/\/api.w.org\/{rel}","templated":true}]}}

<p>Escola Estadual Visconde de São Leopoldo &#8211; Corpo Docente do colégio elementar de São Leopoldo, 12/10/1928. Amélia Crusius, Lúcia Sperb Sander, Serena Boechel, Emílio Boechel, Hilda Weber, Gonçalina Osvaldo Aranha, Elsa Dauber Steimer, Emílio Kemp, Emília Martin, Esther Stabel, Natalina Mesquita, ______, Carmem Beltrão, Alice Becker. &#8211; Código anterior de catálogo:FD 34,7; Escola Estadual Visconde de São Leopoldo; </p>

<p>Escola Estadual Visconde de São Leopoldo &#8211; Corpo Docente do colégio elementar de São Leopoldo, 12/10/1928. Amélia Crusius, Lúcia Sperb</p>
