{"id":19514,"date":"2022-01-04T09:23:17","date_gmt":"2022-01-04T12:23:17","guid":{"rendered":"https:\/\/www.museuhistoricosl.com.br\/loja\/produto\/sl034-fd-0003\/"},"modified":"2022-01-04T09:23:17","modified_gmt":"2022-01-04T12:23:17","slug":"sl034-fd-0003","status":"publish","type":"product","link":"https:\/\/www.museuhistoricosl.com.br\/loja\/produto\/sl034-fd-0003\/","title":{"rendered":"SL034-FD-0003"},"content":{"rendered":"<p>Col\u00e9gio elementar de S\u00e3o Leopoldo &#8211; 08\/1932. Professora Maria Vianna Moog. 1\u00aa fila &#8211; L\u00facia Renner, Sibila Schramm, Wanda Becker, Honorolina Soares Cardoso, Elsa Jacques, adiles Soares, Coleta Kuplick, Norma Seferin, Geci Seferin. 2\u00aa fila &#8211; Tuli Naes, Eva Silva, Guita Becker, Marina Reis, Em\u00edlia Vargas, Marina Fernandes Rosa, Julita Rech, Ceci Moraes, Elita Ledur. 3\u00aa fila &#8211; Pedro Melo, J\u00falio Loeblein, Ruben Winter, Carlinhos L\u00fctke Filho, Otilo Gherardt, Ren\u00e9 Jarsynski, Oscar Reis, Dario de Paula, Harri Regner. 4\u00aa fila &#8211; Osmar Gerling, Ivo Oliveira, Alberto Ludwig, Heitor Gon\u00e7alves Dias, Bernardo Neves, Hugo Schramm, Ad\u00e3o Souza, Lot\u00e1rio Loeblein, Guilherme Ries, Laudelino \u00c1vila, Alois Schiehl. &#8211; C\u00f3digo anterior de cat\u00e1logo:FD 34,3; Escola Estadual Visconde de S\u00e3o Leopoldo; <\/p>\n","protected":false},"excerpt":{"rendered":"<p>Col\u00e9gio elementar de S\u00e3o Leopoldo &#8211; 08\/1932. Professora Maria Vianna Moog. 1\u00aa fila &#8211; L\u00facia Renner, Sibila Schramm, Wanda Becker,<\/p>\n","protected":false},"featured_media":19513,"comment_status":"open","ping_status":"closed","template":"","meta":{"_acf_changed":false},"product_cat":[58],"product_tag":[],"class_list":["post-19514","product","type-product","status-publish","has-post-thumbnail","hentry","product_cat-escola-estadual-visconde-de-sao-leopoldo"],"acf":[],"_links":{"self":[{"href":"https:\/\/www.museuhistoricosl.com.br\/loja\/wp-json\/wp\/v2\/product\/19514","targetHints":{"allow":["GET"]}}],"collection":[{"href":"https:\/\/www.museuhistoricosl.com.br\/loja\/wp-json\/wp\/v2\/product"}],"about":[{"href":"https:\/\/www.museuhistoricosl.com.br\/loja\/wp-json\/wp\/v2\/types\/product"}],"replies":[{"embeddable":true,"href":"https:\/\/www.museuhistoricosl.com.br\/loja\/wp-json\/wp\/v2\/comments?post=19514"}],"wp:featuredmedia":[{"embeddable":true,"href":"https:\/\/www.museuhistoricosl.com.br\/loja\/wp-json\/wp\/v2\/media\/19513"}],"wp:attachment":[{"href":"https:\/\/www.museuhistoricosl.com.br\/loja\/wp-json\/wp\/v2\/media?parent=19514"}],"wp:term":[{"taxonomy":"product_cat","embeddable":true,"href":"https:\/\/www.museuhistoricosl.com.br\/loja\/wp-json\/wp\/v2\/product_cat?post=19514"},{"taxonomy":"product_tag","embeddable":true,"href":"https:\/\/www.museuhistoricosl.com.br\/loja\/wp-json\/wp\/v2\/product_tag?post=19514"}],"curies":[{"name":"wp","href":"https:\/\/api.w.org\/{rel}","templated":true}]}}

<p>Colégio elementar de São Leopoldo &#8211; 08/1932. Professora Maria Vianna Moog. 1ª fila &#8211; Lúcia Renner, Sibila Schramm, Wanda Becker, Honorolina Soares Cardoso, Elsa Jacques, adiles Soares, Coleta Kuplick, Norma Seferin, Geci Seferin. 2ª fila &#8211; Tuli Naes, Eva Silva, Guita Becker, Marina Reis, Emília Vargas, Marina Fernandes Rosa, Julita Rech, Ceci Moraes, Elita Ledur. 3ª fila &#8211; Pedro Melo, Júlio Loeblein, Ruben Winter, Carlinhos Lütke Filho, Otilo Gherardt, René Jarsynski, Oscar Reis, Dario de Paula, Harri Regner. 4ª fila &#8211; Osmar Gerling, Ivo Oliveira, Alberto Ludwig, Heitor Gonçalves Dias, Bernardo Neves, Hugo Schramm, Adão Souza, Lotário Loeblein, Guilherme Ries, Laudelino Ávila, Alois Schiehl. &#8211; Código anterior de catálogo:FD 34,3; Escola Estadual Visconde de São Leopoldo; </p>

<p>Colégio elementar de São Leopoldo &#8211; 08/1932. Professora Maria Vianna Moog. 1ª fila &#8211; Lúcia Renner, Sibila Schramm, Wanda Becker,</p>
