{"id":19512,"date":"2022-01-04T09:23:16","date_gmt":"2022-01-04T12:23:16","guid":{"rendered":"https:\/\/www.museuhistoricosl.com.br\/loja\/produto\/sl034-fd-0002\/"},"modified":"2022-01-04T09:23:16","modified_gmt":"2022-01-04T12:23:16","slug":"sl034-fd-0002","status":"publish","type":"product","link":"https:\/\/www.museuhistoricosl.com.br\/loja\/produto\/sl034-fd-0002\/","title":{"rendered":"SL034-FD-0002"},"content":{"rendered":"<p>Escola Estadual Visconde de S\u00e3o Leopoldo &#8211; Col\u00e9gio Elementar de S\u00e3o Leopoldo, 2\u00ba Ano C. &#8211; Paulo Christmann, Luis Dias, Osmar, Ant\u00f4nio Viegas, Maria da Silva, Osvaldo Pereira, Mario M\u00fcller, Hugo Seferin, Jos\u00e9 B. Nascimento, &#8211; S\u00f4nia Schimidt, Wilson Schubert, Clary Frantz, Of\u00e9lia \u00c1vila, Eunice Baum, Nelda Sprenger, Angela Gelucio, L\u00facia Jarzinski, Lourdes Christmann, Dalila Michel, Frida Jarzowski, Judith Diehl, A. Mariana Justa, &#8211; Werner, Kron, Fernando Barreiros, Cl\u00f3vis Wernholtz, achilles Gerhardt, J. Heitor Rodrigues da Siva, Aldo Stabel, Ery Jo\u00e3o Filizsteck. &#8211; C\u00f3digo anterior de cat\u00e1logo:FD 34,2; Escola Estadual Visconde de S\u00e3o Leopoldo; <\/p>\n","protected":false},"excerpt":{"rendered":"<p>Escola Estadual Visconde de S\u00e3o Leopoldo &#8211; Col\u00e9gio Elementar de S\u00e3o Leopoldo, 2\u00ba Ano C. &#8211; Paulo Christmann, Luis Dias,<\/p>\n","protected":false},"featured_media":19511,"comment_status":"open","ping_status":"closed","template":"","meta":{"_acf_changed":false},"product_cat":[58],"product_tag":[],"class_list":["post-19512","product","type-product","status-publish","has-post-thumbnail","hentry","product_cat-escola-estadual-visconde-de-sao-leopoldo"],"acf":[],"_links":{"self":[{"href":"https:\/\/www.museuhistoricosl.com.br\/loja\/wp-json\/wp\/v2\/product\/19512","targetHints":{"allow":["GET"]}}],"collection":[{"href":"https:\/\/www.museuhistoricosl.com.br\/loja\/wp-json\/wp\/v2\/product"}],"about":[{"href":"https:\/\/www.museuhistoricosl.com.br\/loja\/wp-json\/wp\/v2\/types\/product"}],"replies":[{"embeddable":true,"href":"https:\/\/www.museuhistoricosl.com.br\/loja\/wp-json\/wp\/v2\/comments?post=19512"}],"wp:featuredmedia":[{"embeddable":true,"href":"https:\/\/www.museuhistoricosl.com.br\/loja\/wp-json\/wp\/v2\/media\/19511"}],"wp:attachment":[{"href":"https:\/\/www.museuhistoricosl.com.br\/loja\/wp-json\/wp\/v2\/media?parent=19512"}],"wp:term":[{"taxonomy":"product_cat","embeddable":true,"href":"https:\/\/www.museuhistoricosl.com.br\/loja\/wp-json\/wp\/v2\/product_cat?post=19512"},{"taxonomy":"product_tag","embeddable":true,"href":"https:\/\/www.museuhistoricosl.com.br\/loja\/wp-json\/wp\/v2\/product_tag?post=19512"}],"curies":[{"name":"wp","href":"https:\/\/api.w.org\/{rel}","templated":true}]}}