{"id":18566,"date":"2022-01-04T08:43:47","date_gmt":"2022-01-04T11:43:47","guid":{"rendered":"https:\/\/www.museuhistoricosl.com.br\/loja\/produto\/sl900-fd-0520\/"},"modified":"2022-01-04T08:43:47","modified_gmt":"2022-01-04T11:43:47","slug":"sl900-fd-0520","status":"publish","type":"product","link":"https:\/\/www.museuhistoricosl.com.br\/loja\/produto\/sl900-fd-0520\/","title":{"rendered":"SL900-FD-0520"},"content":{"rendered":"<p>Primeira Diretoria e Comiss\u00e3o da Sociedade Gin\u00e1stica &#8211; S\u00e3o Leopoldo &#8211; C\u00f3digo anterior de cat\u00e1logo:FD OUT-20; Diversos; <\/p>\n","protected":false},"excerpt":{"rendered":"<p>Primeira Diretoria e Comiss\u00e3o da Sociedade Gin\u00e1stica &#8211; S\u00e3o Leopoldo &#8211; C\u00f3digo anterior de cat\u00e1logo:FD OUT-20; Diversos;<\/p>\n","protected":false},"featured_media":18565,"comment_status":"open","ping_status":"closed","template":"","meta":{"_acf_changed":false},"product_cat":[57],"product_tag":[],"class_list":["post-18566","product","type-product","status-publish","has-post-thumbnail","hentry","product_cat-diversos"],"acf":[],"_links":{"self":[{"href":"https:\/\/www.museuhistoricosl.com.br\/loja\/wp-json\/wp\/v2\/product\/18566","targetHints":{"allow":["GET"]}}],"collection":[{"href":"https:\/\/www.museuhistoricosl.com.br\/loja\/wp-json\/wp\/v2\/product"}],"about":[{"href":"https:\/\/www.museuhistoricosl.com.br\/loja\/wp-json\/wp\/v2\/types\/product"}],"replies":[{"embeddable":true,"href":"https:\/\/www.museuhistoricosl.com.br\/loja\/wp-json\/wp\/v2\/comments?post=18566"}],"wp:featuredmedia":[{"embeddable":true,"href":"https:\/\/www.museuhistoricosl.com.br\/loja\/wp-json\/wp\/v2\/media\/18565"}],"wp:attachment":[{"href":"https:\/\/www.museuhistoricosl.com.br\/loja\/wp-json\/wp\/v2\/media?parent=18566"}],"wp:term":[{"taxonomy":"product_cat","embeddable":true,"href":"https:\/\/www.museuhistoricosl.com.br\/loja\/wp-json\/wp\/v2\/product_cat?post=18566"},{"taxonomy":"product_tag","embeddable":true,"href":"https:\/\/www.museuhistoricosl.com.br\/loja\/wp-json\/wp\/v2\/product_tag?post=18566"}],"curies":[{"name":"wp","href":"https:\/\/api.w.org\/{rel}","templated":true}]}}