{"id":18558,"date":"2022-01-04T08:43:46","date_gmt":"2022-01-04T11:43:46","guid":{"rendered":"https:\/\/www.museuhistoricosl.com.br\/loja\/produto\/sl900-fd-0516\/"},"modified":"2022-01-04T08:43:46","modified_gmt":"2022-01-04T11:43:46","slug":"sl900-fd-0516","status":"publish","type":"product","link":"https:\/\/www.museuhistoricosl.com.br\/loja\/produto\/sl900-fd-0516\/","title":{"rendered":"SL900-FD-0516"},"content":{"rendered":"<p>Radam\u00e9s Gnatalli (maestro), Diretor Art\u00edstico da P.R.E.-8 R\u00e1dio Nacional do Rio Dirigente da Orquestra Filarm\u00f4nica do RJ &#8211; C\u00f3digo anterior de cat\u00e1logo:FD OUT-16; Diversos; <\/p>\n","protected":false},"excerpt":{"rendered":"<p>Radam\u00e9s Gnatalli (maestro), Diretor Art\u00edstico da P.R.E.-8 R\u00e1dio Nacional do Rio Dirigente da Orquestra Filarm\u00f4nica do RJ &#8211; C\u00f3digo anterior<\/p>\n","protected":false},"featured_media":18557,"comment_status":"open","ping_status":"closed","template":"","meta":{"_acf_changed":false},"product_cat":[57],"product_tag":[],"class_list":["post-18558","product","type-product","status-publish","has-post-thumbnail","hentry","product_cat-diversos"],"acf":[],"_links":{"self":[{"href":"https:\/\/www.museuhistoricosl.com.br\/loja\/wp-json\/wp\/v2\/product\/18558","targetHints":{"allow":["GET"]}}],"collection":[{"href":"https:\/\/www.museuhistoricosl.com.br\/loja\/wp-json\/wp\/v2\/product"}],"about":[{"href":"https:\/\/www.museuhistoricosl.com.br\/loja\/wp-json\/wp\/v2\/types\/product"}],"replies":[{"embeddable":true,"href":"https:\/\/www.museuhistoricosl.com.br\/loja\/wp-json\/wp\/v2\/comments?post=18558"}],"wp:featuredmedia":[{"embeddable":true,"href":"https:\/\/www.museuhistoricosl.com.br\/loja\/wp-json\/wp\/v2\/media\/18557"}],"wp:attachment":[{"href":"https:\/\/www.museuhistoricosl.com.br\/loja\/wp-json\/wp\/v2\/media?parent=18558"}],"wp:term":[{"taxonomy":"product_cat","embeddable":true,"href":"https:\/\/www.museuhistoricosl.com.br\/loja\/wp-json\/wp\/v2\/product_cat?post=18558"},{"taxonomy":"product_tag","embeddable":true,"href":"https:\/\/www.museuhistoricosl.com.br\/loja\/wp-json\/wp\/v2\/product_tag?post=18558"}],"curies":[{"name":"wp","href":"https:\/\/api.w.org\/{rel}","templated":true}]}}

<p>Radamés Gnatalli (maestro), Diretor Artístico da P.R.E.-8 Rádio Nacional do Rio Dirigente da Orquestra Filarmônica do RJ &#8211; Código anterior de catálogo:FD OUT-16; Diversos; </p>

<p>Radamés Gnatalli (maestro), Diretor Artístico da P.R.E.-8 Rádio Nacional do Rio Dirigente da Orquestra Filarmônica do RJ &#8211; Código anterior</p>
