{"id":18025,"date":"2022-01-04T08:28:50","date_gmt":"2022-01-04T11:28:50","guid":{"rendered":"https:\/\/www.museuhistoricosl.com.br\/loja\/produto\/sl028-fd-0223\/"},"modified":"2022-01-04T08:28:50","modified_gmt":"2022-01-04T11:28:50","slug":"sl028-fd-0223","status":"publish","type":"product","link":"https:\/\/www.museuhistoricosl.com.br\/loja\/produto\/sl028-fd-0223\/","title":{"rendered":"SL028-FD-0223"},"content":{"rendered":"<p>Semana da P\u00e1tria, Desfile 7 de Setembro, Av. Dom Jo\u00e3o becker, Foto WG, 1992; Desfiles Semana da P\u00e1tria; <\/p>\n","protected":false},"excerpt":{"rendered":"<p>Semana da P\u00e1tria, Desfile 7 de Setembro, Av. Dom Jo\u00e3o becker, Foto WG, 1992; Desfiles Semana da P\u00e1tria;<\/p>\n","protected":false},"featured_media":18024,"comment_status":"open","ping_status":"closed","template":"","meta":{"_acf_changed":false},"product_cat":[56],"product_tag":[],"class_list":["post-18025","product","type-product","status-publish","has-post-thumbnail","hentry","product_cat-desfiles-semana-da-patria"],"acf":[],"_links":{"self":[{"href":"https:\/\/www.museuhistoricosl.com.br\/loja\/wp-json\/wp\/v2\/product\/18025","targetHints":{"allow":["GET"]}}],"collection":[{"href":"https:\/\/www.museuhistoricosl.com.br\/loja\/wp-json\/wp\/v2\/product"}],"about":[{"href":"https:\/\/www.museuhistoricosl.com.br\/loja\/wp-json\/wp\/v2\/types\/product"}],"replies":[{"embeddable":true,"href":"https:\/\/www.museuhistoricosl.com.br\/loja\/wp-json\/wp\/v2\/comments?post=18025"}],"wp:featuredmedia":[{"embeddable":true,"href":"https:\/\/www.museuhistoricosl.com.br\/loja\/wp-json\/wp\/v2\/media\/18024"}],"wp:attachment":[{"href":"https:\/\/www.museuhistoricosl.com.br\/loja\/wp-json\/wp\/v2\/media?parent=18025"}],"wp:term":[{"taxonomy":"product_cat","embeddable":true,"href":"https:\/\/www.museuhistoricosl.com.br\/loja\/wp-json\/wp\/v2\/product_cat?post=18025"},{"taxonomy":"product_tag","embeddable":true,"href":"https:\/\/www.museuhistoricosl.com.br\/loja\/wp-json\/wp\/v2\/product_tag?post=18025"}],"curies":[{"name":"wp","href":"https:\/\/api.w.org\/{rel}","templated":true}]}}

<p>Semana da Pátria, Desfile 7 de Setembro, Av. Dom João becker, Foto WG, 1992; Desfiles Semana da Pátria; </p>

<p>Semana da Pátria, Desfile 7 de Setembro, Av. Dom João becker, Foto WG, 1992; Desfiles Semana da Pátria;</p>
