{"id":17611,"date":"2022-01-04T08:27:06","date_gmt":"2022-01-04T11:27:06","guid":{"rendered":"https:\/\/www.museuhistoricosl.com.br\/loja\/produto\/sl028-fd-0015\/"},"modified":"2022-01-04T08:27:06","modified_gmt":"2022-01-04T11:27:06","slug":"sl028-fd-0015","status":"publish","type":"product","link":"https:\/\/www.museuhistoricosl.com.br\/loja\/produto\/sl028-fd-0015\/","title":{"rendered":"SL028-FD-0015"},"content":{"rendered":"<p>Semana da P\u00e1tria, 1982 \u2013 extin\u00e7\u00e3o do Fogo Simb\u00f3lico pelo prefeito Manoel Luiz Nunes \u2013 S\u00e3o Leopoldo. &#8211; C\u00f3digo anterior de cat\u00e1logo:FD 28-2,15; Desfiles Semana da P\u00e1tria; <\/p>\n","protected":false},"excerpt":{"rendered":"<p>Semana da P\u00e1tria, 1982 \u2013 extin\u00e7\u00e3o do Fogo Simb\u00f3lico pelo prefeito Manoel Luiz Nunes \u2013 S\u00e3o Leopoldo. &#8211; C\u00f3digo anterior<\/p>\n","protected":false},"featured_media":17610,"comment_status":"open","ping_status":"closed","template":"","meta":{"_acf_changed":false},"product_cat":[56],"product_tag":[],"class_list":["post-17611","product","type-product","status-publish","has-post-thumbnail","hentry","product_cat-desfiles-semana-da-patria"],"acf":[],"_links":{"self":[{"href":"https:\/\/www.museuhistoricosl.com.br\/loja\/wp-json\/wp\/v2\/product\/17611","targetHints":{"allow":["GET"]}}],"collection":[{"href":"https:\/\/www.museuhistoricosl.com.br\/loja\/wp-json\/wp\/v2\/product"}],"about":[{"href":"https:\/\/www.museuhistoricosl.com.br\/loja\/wp-json\/wp\/v2\/types\/product"}],"replies":[{"embeddable":true,"href":"https:\/\/www.museuhistoricosl.com.br\/loja\/wp-json\/wp\/v2\/comments?post=17611"}],"wp:featuredmedia":[{"embeddable":true,"href":"https:\/\/www.museuhistoricosl.com.br\/loja\/wp-json\/wp\/v2\/media\/17610"}],"wp:attachment":[{"href":"https:\/\/www.museuhistoricosl.com.br\/loja\/wp-json\/wp\/v2\/media?parent=17611"}],"wp:term":[{"taxonomy":"product_cat","embeddable":true,"href":"https:\/\/www.museuhistoricosl.com.br\/loja\/wp-json\/wp\/v2\/product_cat?post=17611"},{"taxonomy":"product_tag","embeddable":true,"href":"https:\/\/www.museuhistoricosl.com.br\/loja\/wp-json\/wp\/v2\/product_tag?post=17611"}],"curies":[{"name":"wp","href":"https:\/\/api.w.org\/{rel}","templated":true}]}}

<p>Semana da Pátria, 1982 – extinção do Fogo Simbólico pelo prefeito Manoel Luiz Nunes – São Leopoldo. &#8211; Código anterior de catálogo:FD 28-2,15; Desfiles Semana da Pátria; </p>

<p>Semana da Pátria, 1982 – extinção do Fogo Simbólico pelo prefeito Manoel Luiz Nunes – São Leopoldo. &#8211; Código anterior</p>
