{"id":17585,"date":"2022-01-04T08:27:01","date_gmt":"2022-01-04T11:27:01","guid":{"rendered":"https:\/\/www.museuhistoricosl.com.br\/loja\/produto\/sl028-fd-0002\/"},"modified":"2022-01-04T08:27:01","modified_gmt":"2022-01-04T11:27:01","slug":"sl028-fd-0002","status":"publish","type":"product","link":"https:\/\/www.museuhistoricosl.com.br\/loja\/produto\/sl028-fd-0002\/","title":{"rendered":"SL028-FD-0002"},"content":{"rendered":"<p>Visita do Fogo Simb\u00f3lico sendo guardado por autoridades e soldados do Ex\u00e9rcito \u2013 S\u00e3o Leopoldo. &#8211; C\u00f3digo anterior de cat\u00e1logo:FD 28-2,2; Desfiles Semana da P\u00e1tria; <\/p>\n","protected":false},"excerpt":{"rendered":"<p>Visita do Fogo Simb\u00f3lico sendo guardado por autoridades e soldados do Ex\u00e9rcito \u2013 S\u00e3o Leopoldo. &#8211; C\u00f3digo anterior de cat\u00e1logo:FD<\/p>\n","protected":false},"featured_media":17584,"comment_status":"open","ping_status":"closed","template":"","meta":{"_acf_changed":false},"product_cat":[56],"product_tag":[],"class_list":["post-17585","product","type-product","status-publish","has-post-thumbnail","hentry","product_cat-desfiles-semana-da-patria"],"acf":[],"_links":{"self":[{"href":"https:\/\/www.museuhistoricosl.com.br\/loja\/wp-json\/wp\/v2\/product\/17585","targetHints":{"allow":["GET"]}}],"collection":[{"href":"https:\/\/www.museuhistoricosl.com.br\/loja\/wp-json\/wp\/v2\/product"}],"about":[{"href":"https:\/\/www.museuhistoricosl.com.br\/loja\/wp-json\/wp\/v2\/types\/product"}],"replies":[{"embeddable":true,"href":"https:\/\/www.museuhistoricosl.com.br\/loja\/wp-json\/wp\/v2\/comments?post=17585"}],"wp:featuredmedia":[{"embeddable":true,"href":"https:\/\/www.museuhistoricosl.com.br\/loja\/wp-json\/wp\/v2\/media\/17584"}],"wp:attachment":[{"href":"https:\/\/www.museuhistoricosl.com.br\/loja\/wp-json\/wp\/v2\/media?parent=17585"}],"wp:term":[{"taxonomy":"product_cat","embeddable":true,"href":"https:\/\/www.museuhistoricosl.com.br\/loja\/wp-json\/wp\/v2\/product_cat?post=17585"},{"taxonomy":"product_tag","embeddable":true,"href":"https:\/\/www.museuhistoricosl.com.br\/loja\/wp-json\/wp\/v2\/product_tag?post=17585"}],"curies":[{"name":"wp","href":"https:\/\/api.w.org\/{rel}","templated":true}]}}

<p>Visita do Fogo Simbólico sendo guardado por autoridades e soldados do Exército – São Leopoldo. &#8211; Código anterior de catálogo:FD 28-2,2; Desfiles Semana da Pátria; </p>

<p>Visita do Fogo Simbólico sendo guardado por autoridades e soldados do Exército – São Leopoldo. &#8211; Código anterior de catálogo:FD</p>
