{"id":17531,"date":"2022-01-03T13:47:23","date_gmt":"2022-01-03T16:47:23","guid":{"rendered":"https:\/\/www.museuhistoricosl.com.br\/loja\/produto\/sl027-fd-0195\/"},"modified":"2022-01-03T13:47:23","modified_gmt":"2022-01-03T16:47:23","slug":"sl027-fd-0195","status":"publish","type":"product","link":"https:\/\/www.museuhistoricosl.com.br\/loja\/produto\/sl027-fd-0195\/","title":{"rendered":"SL027-FD-0195"},"content":{"rendered":"<p>Cruz Vermelha, APAE, Lan\u00e7amento campanha de Doa\u00e7\u00e3o permanente, na foto: Ger. BB Gustavo G. Werneck Gedore; Pres. Da AABB, Valmir Tarliso Pizzutti e Pres. Da APAE: Major Carlos Alberto Azevedo e Vamilto Fratti, 05\/04\/1994; Cruz Vermelha &#8211; S\u00e3o Leopoldo; <\/p>\n","protected":false},"excerpt":{"rendered":"<p>Cruz Vermelha, APAE, Lan\u00e7amento campanha de Doa\u00e7\u00e3o permanente, na foto: Ger. BB Gustavo G. Werneck Gedore; Pres. Da AABB, Valmir<\/p>\n","protected":false},"featured_media":17530,"comment_status":"open","ping_status":"closed","template":"","meta":{"_acf_changed":false},"product_cat":[55],"product_tag":[],"class_list":["post-17531","product","type-product","status-publish","has-post-thumbnail","hentry","product_cat-cruz-vermelha-sao-leopoldo"],"acf":[],"_links":{"self":[{"href":"https:\/\/www.museuhistoricosl.com.br\/loja\/wp-json\/wp\/v2\/product\/17531","targetHints":{"allow":["GET"]}}],"collection":[{"href":"https:\/\/www.museuhistoricosl.com.br\/loja\/wp-json\/wp\/v2\/product"}],"about":[{"href":"https:\/\/www.museuhistoricosl.com.br\/loja\/wp-json\/wp\/v2\/types\/product"}],"replies":[{"embeddable":true,"href":"https:\/\/www.museuhistoricosl.com.br\/loja\/wp-json\/wp\/v2\/comments?post=17531"}],"wp:featuredmedia":[{"embeddable":true,"href":"https:\/\/www.museuhistoricosl.com.br\/loja\/wp-json\/wp\/v2\/media\/17530"}],"wp:attachment":[{"href":"https:\/\/www.museuhistoricosl.com.br\/loja\/wp-json\/wp\/v2\/media?parent=17531"}],"wp:term":[{"taxonomy":"product_cat","embeddable":true,"href":"https:\/\/www.museuhistoricosl.com.br\/loja\/wp-json\/wp\/v2\/product_cat?post=17531"},{"taxonomy":"product_tag","embeddable":true,"href":"https:\/\/www.museuhistoricosl.com.br\/loja\/wp-json\/wp\/v2\/product_tag?post=17531"}],"curies":[{"name":"wp","href":"https:\/\/api.w.org\/{rel}","templated":true}]}}

<p>Cruz Vermelha, APAE, Lançamento campanha de Doação permanente, na foto: Ger. BB Gustavo G. Werneck Gedore; Pres. Da AABB, Valmir Tarliso Pizzutti e Pres. Da APAE: Major Carlos Alberto Azevedo e Vamilto Fratti, 05/04/1994; Cruz Vermelha &#8211; São Leopoldo; </p>

<p>Cruz Vermelha, APAE, Lançamento campanha de Doação permanente, na foto: Ger. BB Gustavo G. Werneck Gedore; Pres. Da AABB, Valmir</p>
