{"id":17237,"date":"2022-01-03T13:46:07","date_gmt":"2022-01-03T16:46:07","guid":{"rendered":"https:\/\/www.museuhistoricosl.com.br\/loja\/produto\/sl027-fd-0048\/"},"modified":"2022-01-03T13:46:07","modified_gmt":"2022-01-03T16:46:07","slug":"sl027-fd-0048","status":"publish","type":"product","link":"https:\/\/www.museuhistoricosl.com.br\/loja\/produto\/sl027-fd-0048\/","title":{"rendered":"SL027-FD-0048"},"content":{"rendered":"<p>Legi\u00e3o Brasileira de Assist\u00eancia, velhos protestam contra troca presid\u00eancia. 21 nov 85. &#8211; C\u00f3digo anterior de cat\u00e1logo:FD-27,48; Cruz Vermelha &#8211; S\u00e3o Leopoldo; <\/p>\n","protected":false},"excerpt":{"rendered":"<p>Legi\u00e3o Brasileira de Assist\u00eancia, velhos protestam contra troca presid\u00eancia. 21 nov 85. &#8211; C\u00f3digo anterior de cat\u00e1logo:FD-27,48; Cruz Vermelha &#8211;<\/p>\n","protected":false},"featured_media":17236,"comment_status":"open","ping_status":"closed","template":"","meta":{"_acf_changed":false},"product_cat":[55],"product_tag":[],"class_list":["post-17237","product","type-product","status-publish","has-post-thumbnail","hentry","product_cat-cruz-vermelha-sao-leopoldo"],"acf":[],"_links":{"self":[{"href":"https:\/\/www.museuhistoricosl.com.br\/loja\/wp-json\/wp\/v2\/product\/17237","targetHints":{"allow":["GET"]}}],"collection":[{"href":"https:\/\/www.museuhistoricosl.com.br\/loja\/wp-json\/wp\/v2\/product"}],"about":[{"href":"https:\/\/www.museuhistoricosl.com.br\/loja\/wp-json\/wp\/v2\/types\/product"}],"replies":[{"embeddable":true,"href":"https:\/\/www.museuhistoricosl.com.br\/loja\/wp-json\/wp\/v2\/comments?post=17237"}],"wp:featuredmedia":[{"embeddable":true,"href":"https:\/\/www.museuhistoricosl.com.br\/loja\/wp-json\/wp\/v2\/media\/17236"}],"wp:attachment":[{"href":"https:\/\/www.museuhistoricosl.com.br\/loja\/wp-json\/wp\/v2\/media?parent=17237"}],"wp:term":[{"taxonomy":"product_cat","embeddable":true,"href":"https:\/\/www.museuhistoricosl.com.br\/loja\/wp-json\/wp\/v2\/product_cat?post=17237"},{"taxonomy":"product_tag","embeddable":true,"href":"https:\/\/www.museuhistoricosl.com.br\/loja\/wp-json\/wp\/v2\/product_tag?post=17237"}],"curies":[{"name":"wp","href":"https:\/\/api.w.org\/{rel}","templated":true}]}}

<p>Legião Brasileira de Assistência, velhos protestam contra troca presidência. 21 nov 85. &#8211; Código anterior de catálogo:FD-27,48; Cruz Vermelha &#8211; São Leopoldo; </p>

<p>Legião Brasileira de Assistência, velhos protestam contra troca presidência. 21 nov 85. &#8211; Código anterior de catálogo:FD-27,48; Cruz Vermelha &#8211;</p>
