{"id":17219,"date":"2022-01-03T13:46:03","date_gmt":"2022-01-03T16:46:03","guid":{"rendered":"https:\/\/www.museuhistoricosl.com.br\/loja\/produto\/sl027-fd-0039\/"},"modified":"2022-01-03T13:46:03","modified_gmt":"2022-01-03T16:46:03","slug":"sl027-fd-0039","status":"publish","type":"product","link":"https:\/\/www.museuhistoricosl.com.br\/loja\/produto\/sl027-fd-0039\/","title":{"rendered":"SL027-FD-0039"},"content":{"rendered":"<p>Inaugura\u00e7\u00e3o do novo pr\u00e9dio do pr\u00e9 escolar da Cruz Vermelha &#8211; apresenta\u00e7\u00e3o de dan\u00e7a 30\/11\/83 &#8211; C\u00f3digo anterior de cat\u00e1logo:FD-27,39; Cruz Vermelha &#8211; S\u00e3o Leopoldo; <\/p>\n","protected":false},"excerpt":{"rendered":"<p>Inaugura\u00e7\u00e3o do novo pr\u00e9dio do pr\u00e9 escolar da Cruz Vermelha &#8211; apresenta\u00e7\u00e3o de dan\u00e7a 30\/11\/83 &#8211; C\u00f3digo anterior de cat\u00e1logo:FD-27,39;<\/p>\n","protected":false},"featured_media":17218,"comment_status":"open","ping_status":"closed","template":"","meta":{"_acf_changed":false},"product_cat":[55],"product_tag":[],"class_list":["post-17219","product","type-product","status-publish","has-post-thumbnail","hentry","product_cat-cruz-vermelha-sao-leopoldo"],"acf":[],"_links":{"self":[{"href":"https:\/\/www.museuhistoricosl.com.br\/loja\/wp-json\/wp\/v2\/product\/17219","targetHints":{"allow":["GET"]}}],"collection":[{"href":"https:\/\/www.museuhistoricosl.com.br\/loja\/wp-json\/wp\/v2\/product"}],"about":[{"href":"https:\/\/www.museuhistoricosl.com.br\/loja\/wp-json\/wp\/v2\/types\/product"}],"replies":[{"embeddable":true,"href":"https:\/\/www.museuhistoricosl.com.br\/loja\/wp-json\/wp\/v2\/comments?post=17219"}],"wp:featuredmedia":[{"embeddable":true,"href":"https:\/\/www.museuhistoricosl.com.br\/loja\/wp-json\/wp\/v2\/media\/17218"}],"wp:attachment":[{"href":"https:\/\/www.museuhistoricosl.com.br\/loja\/wp-json\/wp\/v2\/media?parent=17219"}],"wp:term":[{"taxonomy":"product_cat","embeddable":true,"href":"https:\/\/www.museuhistoricosl.com.br\/loja\/wp-json\/wp\/v2\/product_cat?post=17219"},{"taxonomy":"product_tag","embeddable":true,"href":"https:\/\/www.museuhistoricosl.com.br\/loja\/wp-json\/wp\/v2\/product_tag?post=17219"}],"curies":[{"name":"wp","href":"https:\/\/api.w.org\/{rel}","templated":true}]}}

<p>Inauguração do novo prédio do pré escolar da Cruz Vermelha &#8211; apresentação de dança 30/11/83 &#8211; Código anterior de catálogo:FD-27,39; Cruz Vermelha &#8211; São Leopoldo; </p>

<p>Inauguração do novo prédio do pré escolar da Cruz Vermelha &#8211; apresentação de dança 30/11/83 &#8211; Código anterior de catálogo:FD-27,39;</p>
