{"id":17175,"date":"2022-01-03T13:45:48","date_gmt":"2022-01-03T16:45:48","guid":{"rendered":"https:\/\/www.museuhistoricosl.com.br\/loja\/produto\/sl027-fd-0017\/"},"modified":"2022-01-03T13:45:48","modified_gmt":"2022-01-03T16:45:48","slug":"sl027-fd-0017","status":"publish","type":"product","link":"https:\/\/www.museuhistoricosl.com.br\/loja\/produto\/sl027-fd-0017\/","title":{"rendered":"SL027-FD-0017"},"content":{"rendered":"<p>12\/1926. Benef\u00edcio Natal dos Pobres. Promotoras Aracy de Paula Hofmann,  Irma Schmidt, Elsira Stabel, Lelia Silva, Iris Schmidt &#8211; Laura Souto, Lala Cordova, Cl\u00e9a e Silvia Prates, Leopoldina Silva, Isaura Mesquita, Ida Haertel, Elise David, Jurema Almeida, Frigga C\u00e2mara, Vera Hermmann, Gilda de Paula, Vera Weinmann, Gilda de Paula, Vera Hoffmann, Maria Mesquita &#8211; Primeira Benef\u00edcio Natal dos pobres em S\u00e3o Leopoldo,  realizado em dezembro 1926  &#8211; C\u00f3digo anterior de cat\u00e1logo:FD 27,17; Cruz Vermelha &#8211; S\u00e3o Leopoldo; Natal dos Pobresinhos &#8211; 1a Leva Martius Staden<\/p>\n","protected":false},"excerpt":{"rendered":"<p>12\/1926. Benef\u00edcio Natal dos Pobres. Promotoras Aracy de Paula Hofmann, Irma Schmidt, Elsira Stabel, Lelia Silva, Iris Schmidt &#8211; Laura<\/p>\n","protected":false},"featured_media":17174,"comment_status":"open","ping_status":"closed","template":"","meta":{"_acf_changed":false},"product_cat":[55],"product_tag":[],"class_list":["post-17175","product","type-product","status-publish","has-post-thumbnail","hentry","product_cat-cruz-vermelha-sao-leopoldo"],"acf":[],"_links":{"self":[{"href":"https:\/\/www.museuhistoricosl.com.br\/loja\/wp-json\/wp\/v2\/product\/17175","targetHints":{"allow":["GET"]}}],"collection":[{"href":"https:\/\/www.museuhistoricosl.com.br\/loja\/wp-json\/wp\/v2\/product"}],"about":[{"href":"https:\/\/www.museuhistoricosl.com.br\/loja\/wp-json\/wp\/v2\/types\/product"}],"replies":[{"embeddable":true,"href":"https:\/\/www.museuhistoricosl.com.br\/loja\/wp-json\/wp\/v2\/comments?post=17175"}],"wp:featuredmedia":[{"embeddable":true,"href":"https:\/\/www.museuhistoricosl.com.br\/loja\/wp-json\/wp\/v2\/media\/17174"}],"wp:attachment":[{"href":"https:\/\/www.museuhistoricosl.com.br\/loja\/wp-json\/wp\/v2\/media?parent=17175"}],"wp:term":[{"taxonomy":"product_cat","embeddable":true,"href":"https:\/\/www.museuhistoricosl.com.br\/loja\/wp-json\/wp\/v2\/product_cat?post=17175"},{"taxonomy":"product_tag","embeddable":true,"href":"https:\/\/www.museuhistoricosl.com.br\/loja\/wp-json\/wp\/v2\/product_tag?post=17175"}],"curies":[{"name":"wp","href":"https:\/\/api.w.org\/{rel}","templated":true}]}}

<p>12/1926. Benefício Natal dos Pobres. Promotoras Aracy de Paula Hofmann,  Irma Schmidt, Elsira Stabel, Lelia Silva, Iris Schmidt &#8211; Laura Souto, Lala Cordova, Cléa e Silvia Prates, Leopoldina Silva, Isaura Mesquita, Ida Haertel, Elise David, Jurema Almeida, Frigga Câmara, Vera Hermmann, Gilda de Paula, Vera Weinmann, Gilda de Paula, Vera Hoffmann, Maria Mesquita &#8211; Primeira Benefício Natal dos pobres em São Leopoldo,  realizado em dezembro 1926  &#8211; Código anterior de catálogo:FD 27,17; Cruz Vermelha &#8211; São Leopoldo; Natal dos Pobresinhos &#8211; 1a Leva Martius Staden</p>

<p>12/1926. Benefício Natal dos Pobres. Promotoras Aracy de Paula Hofmann, Irma Schmidt, Elsira Stabel, Lelia Silva, Iris Schmidt &#8211; Laura</p>
