{"id":17161,"date":"2022-01-03T13:45:46","date_gmt":"2022-01-03T16:45:46","guid":{"rendered":"https:\/\/www.museuhistoricosl.com.br\/loja\/produto\/sl027-fd-0010\/"},"modified":"2022-01-03T13:45:46","modified_gmt":"2022-01-03T16:45:46","slug":"sl027-fd-0010","status":"publish","type":"product","link":"https:\/\/www.museuhistoricosl.com.br\/loja\/produto\/sl027-fd-0010\/","title":{"rendered":"SL027-FD-0010"},"content":{"rendered":"<p>Desfilando na Semana da P\u00e1tria em Porto Alegre. 4 de setembro de 1943. &#8211; C\u00f3digo anterior de cat\u00e1logo:FD 27,10; Cruz Vermelha &#8211; S\u00e3o Leopoldo; Desfile em Porto Alegre &#8211; Semana da P\u00e1tria, Cruz Vermelha &#8211; 1a Leva Martius Staden<\/p>\n","protected":false},"excerpt":{"rendered":"<p>Desfilando na Semana da P\u00e1tria em Porto Alegre. 4 de setembro de 1943. &#8211; C\u00f3digo anterior de cat\u00e1logo:FD 27,10; Cruz<\/p>\n","protected":false},"featured_media":17160,"comment_status":"open","ping_status":"closed","template":"","meta":{"_acf_changed":false},"product_cat":[55],"product_tag":[],"class_list":["post-17161","product","type-product","status-publish","has-post-thumbnail","hentry","product_cat-cruz-vermelha-sao-leopoldo"],"acf":[],"_links":{"self":[{"href":"https:\/\/www.museuhistoricosl.com.br\/loja\/wp-json\/wp\/v2\/product\/17161","targetHints":{"allow":["GET"]}}],"collection":[{"href":"https:\/\/www.museuhistoricosl.com.br\/loja\/wp-json\/wp\/v2\/product"}],"about":[{"href":"https:\/\/www.museuhistoricosl.com.br\/loja\/wp-json\/wp\/v2\/types\/product"}],"replies":[{"embeddable":true,"href":"https:\/\/www.museuhistoricosl.com.br\/loja\/wp-json\/wp\/v2\/comments?post=17161"}],"wp:featuredmedia":[{"embeddable":true,"href":"https:\/\/www.museuhistoricosl.com.br\/loja\/wp-json\/wp\/v2\/media\/17160"}],"wp:attachment":[{"href":"https:\/\/www.museuhistoricosl.com.br\/loja\/wp-json\/wp\/v2\/media?parent=17161"}],"wp:term":[{"taxonomy":"product_cat","embeddable":true,"href":"https:\/\/www.museuhistoricosl.com.br\/loja\/wp-json\/wp\/v2\/product_cat?post=17161"},{"taxonomy":"product_tag","embeddable":true,"href":"https:\/\/www.museuhistoricosl.com.br\/loja\/wp-json\/wp\/v2\/product_tag?post=17161"}],"curies":[{"name":"wp","href":"https:\/\/api.w.org\/{rel}","templated":true}]}}

<p>Desfilando na Semana da Pátria em Porto Alegre. 4 de setembro de 1943. &#8211; Código anterior de catálogo:FD 27,10; Cruz Vermelha &#8211; São Leopoldo; Desfile em Porto Alegre &#8211; Semana da Pátria, Cruz Vermelha &#8211; 1a Leva Martius Staden</p>

<p>Desfilando na Semana da Pátria em Porto Alegre. 4 de setembro de 1943. &#8211; Código anterior de catálogo:FD 27,10; Cruz</p>
