{"id":17145,"date":"2022-01-03T13:45:42","date_gmt":"2022-01-03T16:45:42","guid":{"rendered":"https:\/\/www.museuhistoricosl.com.br\/loja\/produto\/sl027-fd-0002\/"},"modified":"2022-01-03T13:45:42","modified_gmt":"2022-01-03T16:45:42","slug":"sl027-fd-0002","status":"publish","type":"product","link":"https:\/\/www.museuhistoricosl.com.br\/loja\/produto\/sl027-fd-0002\/","title":{"rendered":"SL027-FD-0002"},"content":{"rendered":"<p>Funda\u00e7\u00e3o da Cruz Vermelha. Cap\u00e3o do Ladr\u00e3o &#8211; Port\u00e3o &#8211; C\u00f3digo anterior de cat\u00e1logo:FD 27,2; Cruz Vermelha &#8211; S\u00e3o Leopoldo; Funda\u00e7\u00e3o da Cruz Vermelha em Cap\u00e3o do Ladr\u00e3o &#8211; 1a Leva Martius Staden<\/p>\n","protected":false},"excerpt":{"rendered":"<p>Funda\u00e7\u00e3o da Cruz Vermelha. Cap\u00e3o do Ladr\u00e3o &#8211; Port\u00e3o &#8211; C\u00f3digo anterior de cat\u00e1logo:FD 27,2; Cruz Vermelha &#8211; S\u00e3o Leopoldo;<\/p>\n","protected":false},"featured_media":17144,"comment_status":"open","ping_status":"closed","template":"","meta":{"_acf_changed":false},"product_cat":[55],"product_tag":[],"class_list":["post-17145","product","type-product","status-publish","has-post-thumbnail","hentry","product_cat-cruz-vermelha-sao-leopoldo"],"acf":[],"_links":{"self":[{"href":"https:\/\/www.museuhistoricosl.com.br\/loja\/wp-json\/wp\/v2\/product\/17145","targetHints":{"allow":["GET"]}}],"collection":[{"href":"https:\/\/www.museuhistoricosl.com.br\/loja\/wp-json\/wp\/v2\/product"}],"about":[{"href":"https:\/\/www.museuhistoricosl.com.br\/loja\/wp-json\/wp\/v2\/types\/product"}],"replies":[{"embeddable":true,"href":"https:\/\/www.museuhistoricosl.com.br\/loja\/wp-json\/wp\/v2\/comments?post=17145"}],"wp:featuredmedia":[{"embeddable":true,"href":"https:\/\/www.museuhistoricosl.com.br\/loja\/wp-json\/wp\/v2\/media\/17144"}],"wp:attachment":[{"href":"https:\/\/www.museuhistoricosl.com.br\/loja\/wp-json\/wp\/v2\/media?parent=17145"}],"wp:term":[{"taxonomy":"product_cat","embeddable":true,"href":"https:\/\/www.museuhistoricosl.com.br\/loja\/wp-json\/wp\/v2\/product_cat?post=17145"},{"taxonomy":"product_tag","embeddable":true,"href":"https:\/\/www.museuhistoricosl.com.br\/loja\/wp-json\/wp\/v2\/product_tag?post=17145"}],"curies":[{"name":"wp","href":"https:\/\/api.w.org\/{rel}","templated":true}]}}

<p>Fundação da Cruz Vermelha. Capão do Ladrão &#8211; Portão &#8211; Código anterior de catálogo:FD 27,2; Cruz Vermelha &#8211; São Leopoldo; Fundação da Cruz Vermelha em Capão do Ladrão &#8211; 1a Leva Martius Staden</p>

<p>Fundação da Cruz Vermelha. Capão do Ladrão &#8211; Portão &#8211; Código anterior de catálogo:FD 27,2; Cruz Vermelha &#8211; São Leopoldo;</p>
