{"id":16183,"date":"2022-01-03T13:25:45","date_gmt":"2022-01-03T16:25:45","guid":{"rendered":"https:\/\/www.museuhistoricosl.com.br\/loja\/produto\/sl086-fd-0004\/"},"modified":"2022-01-03T13:25:45","modified_gmt":"2022-01-03T16:25:45","slug":"sl086-fd-0004","status":"publish","type":"product","link":"https:\/\/www.museuhistoricosl.com.br\/loja\/produto\/sl086-fd-0004\/","title":{"rendered":"SL086-FD-0004"},"content":{"rendered":"<p>Coral Rio dos Sinos durante a sess\u00e3o solene em comemora\u00e7\u00e3o dos 162 anos de imigra\u00e7\u00e3o alem\u00e3, 06\/1986; Comemora\u00e7\u00f5es 25 de Julho &#8211; S\u00e3o Leopoldo; <\/p>\n","protected":false},"excerpt":{"rendered":"<p>Coral Rio dos Sinos durante a sess\u00e3o solene em comemora\u00e7\u00e3o dos 162 anos de imigra\u00e7\u00e3o alem\u00e3, 06\/1986; Comemora\u00e7\u00f5es 25 de<\/p>\n","protected":false},"featured_media":16182,"comment_status":"open","ping_status":"closed","template":"","meta":{"_acf_changed":false},"product_cat":[53],"product_tag":[],"class_list":["post-16183","product","type-product","status-publish","has-post-thumbnail","hentry","product_cat-comemoracoes-25-de-julho-sao-leopoldo"],"acf":[],"_links":{"self":[{"href":"https:\/\/www.museuhistoricosl.com.br\/loja\/wp-json\/wp\/v2\/product\/16183","targetHints":{"allow":["GET"]}}],"collection":[{"href":"https:\/\/www.museuhistoricosl.com.br\/loja\/wp-json\/wp\/v2\/product"}],"about":[{"href":"https:\/\/www.museuhistoricosl.com.br\/loja\/wp-json\/wp\/v2\/types\/product"}],"replies":[{"embeddable":true,"href":"https:\/\/www.museuhistoricosl.com.br\/loja\/wp-json\/wp\/v2\/comments?post=16183"}],"wp:featuredmedia":[{"embeddable":true,"href":"https:\/\/www.museuhistoricosl.com.br\/loja\/wp-json\/wp\/v2\/media\/16182"}],"wp:attachment":[{"href":"https:\/\/www.museuhistoricosl.com.br\/loja\/wp-json\/wp\/v2\/media?parent=16183"}],"wp:term":[{"taxonomy":"product_cat","embeddable":true,"href":"https:\/\/www.museuhistoricosl.com.br\/loja\/wp-json\/wp\/v2\/product_cat?post=16183"},{"taxonomy":"product_tag","embeddable":true,"href":"https:\/\/www.museuhistoricosl.com.br\/loja\/wp-json\/wp\/v2\/product_tag?post=16183"}],"curies":[{"name":"wp","href":"https:\/\/api.w.org\/{rel}","templated":true}]}}

<p>Coral Rio dos Sinos durante a sessão solene em comemoração dos 162 anos de imigração alemã, 06/1986; Comemorações 25 de Julho &#8211; São Leopoldo; </p>

<p>Coral Rio dos Sinos durante a sessão solene em comemoração dos 162 anos de imigração alemã, 06/1986; Comemorações 25 de</p>
