{"id":16177,"date":"2022-01-03T13:25:44","date_gmt":"2022-01-03T16:25:44","guid":{"rendered":"https:\/\/www.museuhistoricosl.com.br\/loja\/produto\/sl086-fd-0001\/"},"modified":"2022-01-03T13:25:44","modified_gmt":"2022-01-03T16:25:44","slug":"sl086-fd-0001","status":"publish","type":"product","link":"https:\/\/www.museuhistoricosl.com.br\/loja\/produto\/sl086-fd-0001\/","title":{"rendered":"SL086-FD-0001"},"content":{"rendered":"<p>Cart\u00e3o Telef\u00f4nico, BrasilTelecom, 180 anos da Imigra\u00e7\u00e3o Alem\u00e3, 180 Anos da Imigra\u00e7\u00e3o Alem\u00e3, Os 180 anos da imigra\u00e7\u00e3o alem\u00e3 no Brasil apontam para a modernidade. Al\u00e9m de uma bel\u00edssima e her\u00f3ica hist\u00f3ria, que muito constribui para o desenvolvimento de vastas regi\u00f5es do Brasil, comemoramos as novas potencialidades da aproxima\u00e7\u00e3o Mercosul-Uni\u00e3o Europ\u00e9ia, onde a Alemanha, a \u00c1ustria e a Sui\u00e7a alem\u00e3 despontam como parceiros ideais para interc\u00e2mbios ling\u00fcisticos, culturais, cientificos, econ\u00f4micos e sociais., F\u00c9 &#8211; TRABALHO &#8211; UNI\u00c2O; Comemora\u00e7\u00f5es 25 de Julho &#8211; S\u00e3o Leopoldo; <\/p>\n","protected":false},"excerpt":{"rendered":"<p>Cart\u00e3o Telef\u00f4nico, BrasilTelecom, 180 anos da Imigra\u00e7\u00e3o Alem\u00e3, 180 Anos da Imigra\u00e7\u00e3o Alem\u00e3, Os 180 anos da imigra\u00e7\u00e3o alem\u00e3 no<\/p>\n","protected":false},"featured_media":16176,"comment_status":"open","ping_status":"closed","template":"","meta":{"_acf_changed":false},"product_cat":[53],"product_tag":[],"class_list":["post-16177","product","type-product","status-publish","has-post-thumbnail","hentry","product_cat-comemoracoes-25-de-julho-sao-leopoldo"],"acf":[],"_links":{"self":[{"href":"https:\/\/www.museuhistoricosl.com.br\/loja\/wp-json\/wp\/v2\/product\/16177","targetHints":{"allow":["GET"]}}],"collection":[{"href":"https:\/\/www.museuhistoricosl.com.br\/loja\/wp-json\/wp\/v2\/product"}],"about":[{"href":"https:\/\/www.museuhistoricosl.com.br\/loja\/wp-json\/wp\/v2\/types\/product"}],"replies":[{"embeddable":true,"href":"https:\/\/www.museuhistoricosl.com.br\/loja\/wp-json\/wp\/v2\/comments?post=16177"}],"wp:featuredmedia":[{"embeddable":true,"href":"https:\/\/www.museuhistoricosl.com.br\/loja\/wp-json\/wp\/v2\/media\/16176"}],"wp:attachment":[{"href":"https:\/\/www.museuhistoricosl.com.br\/loja\/wp-json\/wp\/v2\/media?parent=16177"}],"wp:term":[{"taxonomy":"product_cat","embeddable":true,"href":"https:\/\/www.museuhistoricosl.com.br\/loja\/wp-json\/wp\/v2\/product_cat?post=16177"},{"taxonomy":"product_tag","embeddable":true,"href":"https:\/\/www.museuhistoricosl.com.br\/loja\/wp-json\/wp\/v2\/product_tag?post=16177"}],"curies":[{"name":"wp","href":"https:\/\/api.w.org\/{rel}","templated":true}]}}

<p>Cartão Telefônico, BrasilTelecom, 180 anos da Imigração Alemã, 180 Anos da Imigração Alemã, Os 180 anos da imigração alemã no Brasil apontam para a modernidade. Além de uma belíssima e heróica história, que muito constribui para o desenvolvimento de vastas regiões do Brasil, comemoramos as novas potencialidades da aproximação Mercosul-União Européia, onde a Alemanha, a Áustria e a Suiça alemã despontam como parceiros ideais para intercâmbios lingüisticos, culturais, cientificos, econômicos e sociais., FÉ &#8211; TRABALHO &#8211; UNIÂO; Comemorações 25 de Julho &#8211; São Leopoldo; </p>

<p>Cartão Telefônico, BrasilTelecom, 180 anos da Imigração Alemã, 180 Anos da Imigração Alemã, Os 180 anos da imigração alemã no</p>
