{"id":16171,"date":"2022-01-03T11:30:21","date_gmt":"2022-01-03T14:30:21","guid":{"rendered":"https:\/\/www.museuhistoricosl.com.br\/loja\/produto\/sl022-fd-0149\/"},"modified":"2022-01-03T11:30:21","modified_gmt":"2022-01-03T14:30:21","slug":"sl022-fd-0149","status":"publish","type":"product","link":"https:\/\/www.museuhistoricosl.com.br\/loja\/produto\/sl022-fd-0149\/","title":{"rendered":"SL022-FD-0149"},"content":{"rendered":"<p>II Encontro Internacional da Congrega\u00e7\u00e3o das Irm\u00e3s Franciscanas da Penit\u00eancia e Caridade Crist\u00e3. Corine Halsima, Superiora do Conselho Geral de Roma. Monte Alverne, 18\/10 &#8211; 29\/10\/1983. ; Col\u00e9gio S\u00e3o Jos\u00e9 &#8211; S\u00e3o Leopoldo; <\/p>\n","protected":false},"excerpt":{"rendered":"<p>II Encontro Internacional da Congrega\u00e7\u00e3o das Irm\u00e3s Franciscanas da Penit\u00eancia e Caridade Crist\u00e3. Corine Halsima, Superiora do Conselho Geral de<\/p>\n","protected":false},"featured_media":16170,"comment_status":"open","ping_status":"closed","template":"","meta":{"_acf_changed":false},"product_cat":[52],"product_tag":[],"class_list":["post-16171","product","type-product","status-publish","has-post-thumbnail","hentry","product_cat-colegio-sao-jose-sao-leopoldo"],"acf":[],"_links":{"self":[{"href":"https:\/\/www.museuhistoricosl.com.br\/loja\/wp-json\/wp\/v2\/product\/16171","targetHints":{"allow":["GET"]}}],"collection":[{"href":"https:\/\/www.museuhistoricosl.com.br\/loja\/wp-json\/wp\/v2\/product"}],"about":[{"href":"https:\/\/www.museuhistoricosl.com.br\/loja\/wp-json\/wp\/v2\/types\/product"}],"replies":[{"embeddable":true,"href":"https:\/\/www.museuhistoricosl.com.br\/loja\/wp-json\/wp\/v2\/comments?post=16171"}],"wp:featuredmedia":[{"embeddable":true,"href":"https:\/\/www.museuhistoricosl.com.br\/loja\/wp-json\/wp\/v2\/media\/16170"}],"wp:attachment":[{"href":"https:\/\/www.museuhistoricosl.com.br\/loja\/wp-json\/wp\/v2\/media?parent=16171"}],"wp:term":[{"taxonomy":"product_cat","embeddable":true,"href":"https:\/\/www.museuhistoricosl.com.br\/loja\/wp-json\/wp\/v2\/product_cat?post=16171"},{"taxonomy":"product_tag","embeddable":true,"href":"https:\/\/www.museuhistoricosl.com.br\/loja\/wp-json\/wp\/v2\/product_tag?post=16171"}],"curies":[{"name":"wp","href":"https:\/\/api.w.org\/{rel}","templated":true}]}}

<p>II Encontro Internacional da Congregação das Irmãs Franciscanas da Penitência e Caridade Cristã. Corine Halsima, Superiora do Conselho Geral de Roma. Monte Alverne, 18/10 &#8211; 29/10/1983. ; Colégio São José &#8211; São Leopoldo; </p>

<p>II Encontro Internacional da Congregação das Irmãs Franciscanas da Penitência e Caridade Cristã. Corine Halsima, Superiora do Conselho Geral de</p>
