{"id":15963,"date":"2022-01-03T11:29:33","date_gmt":"2022-01-03T14:29:33","guid":{"rendered":"https:\/\/www.museuhistoricosl.com.br\/loja\/produto\/sl022-fd-0045\/"},"modified":"2022-01-03T11:29:33","modified_gmt":"2022-01-03T14:29:33","slug":"sl022-fd-0045","status":"publish","type":"product","link":"https:\/\/www.museuhistoricosl.com.br\/loja\/produto\/sl022-fd-0045\/","title":{"rendered":"SL022-FD-0045"},"content":{"rendered":"<p>Solenidade no Col\u00e9gio S Jos\u00e9 &#8211; Doador: Pel\u00e1gio de Paula &#8211; C\u00f3digo anterior de cat\u00e1logo:FD &#8211; 22,45; Col\u00e9gio S\u00e3o Jos\u00e9 &#8211; S\u00e3o Leopoldo; foto com um pequeno furo<\/p>\n","protected":false},"excerpt":{"rendered":"<p>Solenidade no Col\u00e9gio S Jos\u00e9 &#8211; Doador: Pel\u00e1gio de Paula &#8211; C\u00f3digo anterior de cat\u00e1logo:FD &#8211; 22,45; Col\u00e9gio S\u00e3o Jos\u00e9<\/p>\n","protected":false},"featured_media":15962,"comment_status":"open","ping_status":"closed","template":"","meta":{"_acf_changed":false},"product_cat":[52],"product_tag":[],"class_list":["post-15963","product","type-product","status-publish","has-post-thumbnail","hentry","product_cat-colegio-sao-jose-sao-leopoldo"],"acf":[],"_links":{"self":[{"href":"https:\/\/www.museuhistoricosl.com.br\/loja\/wp-json\/wp\/v2\/product\/15963","targetHints":{"allow":["GET"]}}],"collection":[{"href":"https:\/\/www.museuhistoricosl.com.br\/loja\/wp-json\/wp\/v2\/product"}],"about":[{"href":"https:\/\/www.museuhistoricosl.com.br\/loja\/wp-json\/wp\/v2\/types\/product"}],"replies":[{"embeddable":true,"href":"https:\/\/www.museuhistoricosl.com.br\/loja\/wp-json\/wp\/v2\/comments?post=15963"}],"wp:featuredmedia":[{"embeddable":true,"href":"https:\/\/www.museuhistoricosl.com.br\/loja\/wp-json\/wp\/v2\/media\/15962"}],"wp:attachment":[{"href":"https:\/\/www.museuhistoricosl.com.br\/loja\/wp-json\/wp\/v2\/media?parent=15963"}],"wp:term":[{"taxonomy":"product_cat","embeddable":true,"href":"https:\/\/www.museuhistoricosl.com.br\/loja\/wp-json\/wp\/v2\/product_cat?post=15963"},{"taxonomy":"product_tag","embeddable":true,"href":"https:\/\/www.museuhistoricosl.com.br\/loja\/wp-json\/wp\/v2\/product_tag?post=15963"}],"curies":[{"name":"wp","href":"https:\/\/api.w.org\/{rel}","templated":true}]}}

<p>Solenidade no Colégio S José &#8211; Doador: Pelágio de Paula &#8211; Código anterior de catálogo:FD &#8211; 22,45; Colégio São José &#8211; São Leopoldo; foto com um pequeno furo</p>

<p>Solenidade no Colégio S José &#8211; Doador: Pelágio de Paula &#8211; Código anterior de catálogo:FD &#8211; 22,45; Colégio São José</p>
