{"id":15045,"date":"2021-12-30T15:42:12","date_gmt":"2021-12-30T18:42:12","guid":{"rendered":"https:\/\/www.museuhistoricosl.com.br\/loja\/produto\/sl021-fd-0071\/"},"modified":"2021-12-30T15:42:12","modified_gmt":"2021-12-30T18:42:12","slug":"sl021-fd-0071","status":"publish","type":"product","link":"https:\/\/www.museuhistoricosl.com.br\/loja\/produto\/sl021-fd-0071\/","title":{"rendered":"SL021-FD-0071"},"content":{"rendered":"<p>Jantar dos Gar\u00e7ons, Mesa Principal, Odilo Marques, Antenor Dutra e esposa, Izabel Brogine, Ol\u00edmpio Albrecht, Ant\u00f4nio Machado e esposa, Othon Blessmann, Ribeiro Pires, Braz de Oliveira, Oniram R. Alves, Luiz Tremarim e esposa, 25\/04\/1983; Centros Sociais; <\/p>\n","protected":false},"excerpt":{"rendered":"<p>Jantar dos Gar\u00e7ons, Mesa Principal, Odilo Marques, Antenor Dutra e esposa, Izabel Brogine, Ol\u00edmpio Albrecht, Ant\u00f4nio Machado e esposa, Othon<\/p>\n","protected":false},"featured_media":15044,"comment_status":"open","ping_status":"closed","template":"","meta":{"_acf_changed":false},"product_cat":[50],"product_tag":[],"class_list":["post-15045","product","type-product","status-publish","has-post-thumbnail","hentry","product_cat-centros-sociais"],"acf":[],"_links":{"self":[{"href":"https:\/\/www.museuhistoricosl.com.br\/loja\/wp-json\/wp\/v2\/product\/15045","targetHints":{"allow":["GET"]}}],"collection":[{"href":"https:\/\/www.museuhistoricosl.com.br\/loja\/wp-json\/wp\/v2\/product"}],"about":[{"href":"https:\/\/www.museuhistoricosl.com.br\/loja\/wp-json\/wp\/v2\/types\/product"}],"replies":[{"embeddable":true,"href":"https:\/\/www.museuhistoricosl.com.br\/loja\/wp-json\/wp\/v2\/comments?post=15045"}],"wp:featuredmedia":[{"embeddable":true,"href":"https:\/\/www.museuhistoricosl.com.br\/loja\/wp-json\/wp\/v2\/media\/15044"}],"wp:attachment":[{"href":"https:\/\/www.museuhistoricosl.com.br\/loja\/wp-json\/wp\/v2\/media?parent=15045"}],"wp:term":[{"taxonomy":"product_cat","embeddable":true,"href":"https:\/\/www.museuhistoricosl.com.br\/loja\/wp-json\/wp\/v2\/product_cat?post=15045"},{"taxonomy":"product_tag","embeddable":true,"href":"https:\/\/www.museuhistoricosl.com.br\/loja\/wp-json\/wp\/v2\/product_tag?post=15045"}],"curies":[{"name":"wp","href":"https:\/\/api.w.org\/{rel}","templated":true}]}}

<p>Jantar dos Garçons, Mesa Principal, Odilo Marques, Antenor Dutra e esposa, Izabel Brogine, Olímpio Albrecht, Antônio Machado e esposa, Othon Blessmann, Ribeiro Pires, Braz de Oliveira, Oniram R. Alves, Luiz Tremarim e esposa, 25/04/1983; Centros Sociais; </p>

<p>Jantar dos Garçons, Mesa Principal, Odilo Marques, Antenor Dutra e esposa, Izabel Brogine, Olímpio Albrecht, Antônio Machado e esposa, Othon</p>
