{"id":14929,"date":"2021-12-30T15:41:38","date_gmt":"2021-12-30T18:41:38","guid":{"rendered":"https:\/\/www.museuhistoricosl.com.br\/loja\/produto\/sl021-fd-0013\/"},"modified":"2021-12-30T15:41:38","modified_gmt":"2021-12-30T18:41:38","slug":"sl021-fd-0013","status":"publish","type":"product","link":"https:\/\/www.museuhistoricosl.com.br\/loja\/produto\/sl021-fd-0013\/","title":{"rendered":"SL021-FD-0013"},"content":{"rendered":"<p>34\u00aa Exposi\u00e7\u00e3o de Orqu\u00eddeas de S\u00e3o Leopoldo &#8211; Inaugura\u00e7\u00e3o com participantes do Coral Rio dos Sinos, 12\/09\/1986; Centros Sociais; <\/p>\n","protected":false},"excerpt":{"rendered":"<p>34\u00aa Exposi\u00e7\u00e3o de Orqu\u00eddeas de S\u00e3o Leopoldo &#8211; Inaugura\u00e7\u00e3o com participantes do Coral Rio dos Sinos, 12\/09\/1986; Centros Sociais;<\/p>\n","protected":false},"featured_media":14928,"comment_status":"open","ping_status":"closed","template":"","meta":{"_acf_changed":false},"product_cat":[50],"product_tag":[],"class_list":["post-14929","product","type-product","status-publish","has-post-thumbnail","hentry","product_cat-centros-sociais"],"acf":[],"_links":{"self":[{"href":"https:\/\/www.museuhistoricosl.com.br\/loja\/wp-json\/wp\/v2\/product\/14929","targetHints":{"allow":["GET"]}}],"collection":[{"href":"https:\/\/www.museuhistoricosl.com.br\/loja\/wp-json\/wp\/v2\/product"}],"about":[{"href":"https:\/\/www.museuhistoricosl.com.br\/loja\/wp-json\/wp\/v2\/types\/product"}],"replies":[{"embeddable":true,"href":"https:\/\/www.museuhistoricosl.com.br\/loja\/wp-json\/wp\/v2\/comments?post=14929"}],"wp:featuredmedia":[{"embeddable":true,"href":"https:\/\/www.museuhistoricosl.com.br\/loja\/wp-json\/wp\/v2\/media\/14928"}],"wp:attachment":[{"href":"https:\/\/www.museuhistoricosl.com.br\/loja\/wp-json\/wp\/v2\/media?parent=14929"}],"wp:term":[{"taxonomy":"product_cat","embeddable":true,"href":"https:\/\/www.museuhistoricosl.com.br\/loja\/wp-json\/wp\/v2\/product_cat?post=14929"},{"taxonomy":"product_tag","embeddable":true,"href":"https:\/\/www.museuhistoricosl.com.br\/loja\/wp-json\/wp\/v2\/product_tag?post=14929"}],"curies":[{"name":"wp","href":"https:\/\/api.w.org\/{rel}","templated":true}]}}

<p>34ª Exposição de Orquídeas de São Leopoldo &#8211; Inauguração com participantes do Coral Rio dos Sinos, 12/09/1986; Centros Sociais; </p>

<p>34ª Exposição de Orquídeas de São Leopoldo &#8211; Inauguração com participantes do Coral Rio dos Sinos, 12/09/1986; Centros Sociais;</p>
