{"id":14905,"date":"2021-12-30T15:41:31","date_gmt":"2021-12-30T18:41:31","guid":{"rendered":"https:\/\/www.museuhistoricosl.com.br\/loja\/produto\/sl021-fd-0001\/"},"modified":"2021-12-30T15:41:31","modified_gmt":"2021-12-30T18:41:31","slug":"sl021-fd-0001","status":"publish","type":"product","link":"https:\/\/www.museuhistoricosl.com.br\/loja\/produto\/sl021-fd-0001\/","title":{"rendered":"SL021-FD-0001"},"content":{"rendered":"<p>Sindicato dos Trabalhadores em Transporte Rodovi\u00e1rio, Arnaldo Prieto, Aurora Barros e Ademar Pereira Peres da Silva, Entrega da carta que extende exten\u00e7\u00e3o da base territorial do Sind,. Dos Rodovi\u00e1rios, 07\/1982; Centros Sociais; <\/p>\n","protected":false},"excerpt":{"rendered":"<p>Sindicato dos Trabalhadores em Transporte Rodovi\u00e1rio, Arnaldo Prieto, Aurora Barros e Ademar Pereira Peres da Silva, Entrega da carta que<\/p>\n","protected":false},"featured_media":14904,"comment_status":"open","ping_status":"closed","template":"","meta":{"_acf_changed":false},"product_cat":[50],"product_tag":[],"class_list":["post-14905","product","type-product","status-publish","has-post-thumbnail","hentry","product_cat-centros-sociais"],"acf":[],"_links":{"self":[{"href":"https:\/\/www.museuhistoricosl.com.br\/loja\/wp-json\/wp\/v2\/product\/14905","targetHints":{"allow":["GET"]}}],"collection":[{"href":"https:\/\/www.museuhistoricosl.com.br\/loja\/wp-json\/wp\/v2\/product"}],"about":[{"href":"https:\/\/www.museuhistoricosl.com.br\/loja\/wp-json\/wp\/v2\/types\/product"}],"replies":[{"embeddable":true,"href":"https:\/\/www.museuhistoricosl.com.br\/loja\/wp-json\/wp\/v2\/comments?post=14905"}],"wp:featuredmedia":[{"embeddable":true,"href":"https:\/\/www.museuhistoricosl.com.br\/loja\/wp-json\/wp\/v2\/media\/14904"}],"wp:attachment":[{"href":"https:\/\/www.museuhistoricosl.com.br\/loja\/wp-json\/wp\/v2\/media?parent=14905"}],"wp:term":[{"taxonomy":"product_cat","embeddable":true,"href":"https:\/\/www.museuhistoricosl.com.br\/loja\/wp-json\/wp\/v2\/product_cat?post=14905"},{"taxonomy":"product_tag","embeddable":true,"href":"https:\/\/www.museuhistoricosl.com.br\/loja\/wp-json\/wp\/v2\/product_tag?post=14905"}],"curies":[{"name":"wp","href":"https:\/\/api.w.org\/{rel}","templated":true}]}}

<p>Sindicato dos Trabalhadores em Transporte Rodoviário, Arnaldo Prieto, Aurora Barros e Ademar Pereira Peres da Silva, Entrega da carta que extende extenção da base territorial do Sind,. Dos Rodoviários, 07/1982; Centros Sociais; </p>

<p>Sindicato dos Trabalhadores em Transporte Rodoviário, Arnaldo Prieto, Aurora Barros e Ademar Pereira Peres da Silva, Entrega da carta que</p>
