{"id":14800,"date":"2021-12-29T15:00:03","date_gmt":"2021-12-29T18:00:03","guid":{"rendered":"https:\/\/www.museuhistoricosl.com.br\/loja\/produto\/sl020-fd-0008\/"},"modified":"2021-12-29T15:00:03","modified_gmt":"2021-12-29T18:00:03","slug":"sl020-fd-0008","status":"publish","type":"product","link":"https:\/\/www.museuhistoricosl.com.br\/loja\/produto\/sl020-fd-0008\/","title":{"rendered":"SL020-FD-0008"},"content":{"rendered":"<p>Monumento ao Centen\u00e1rio da Imigra\u00e7\u00e3o e Pra\u00e7a Centen\u00e1rio (Pra\u00e7a do Imigrante). N\u00e3o tem rela\u00e7\u00e3o maior com as festividades do Centen\u00e1rio, em 1924. &#8211; C\u00f3digo anterior de cat\u00e1logo:FD 20,8; Centen\u00e1rio 1924; <\/p>\n","protected":false},"excerpt":{"rendered":"<p>Monumento ao Centen\u00e1rio da Imigra\u00e7\u00e3o e Pra\u00e7a Centen\u00e1rio (Pra\u00e7a do Imigrante). N\u00e3o tem rela\u00e7\u00e3o maior com as festividades do Centen\u00e1rio,<\/p>\n","protected":false},"featured_media":14799,"comment_status":"open","ping_status":"closed","template":"","meta":{"_acf_changed":false},"product_cat":[49],"product_tag":[],"class_list":["post-14800","product","type-product","status-publish","has-post-thumbnail","hentry","product_cat-centenario-1924"],"acf":[],"_links":{"self":[{"href":"https:\/\/www.museuhistoricosl.com.br\/loja\/wp-json\/wp\/v2\/product\/14800","targetHints":{"allow":["GET"]}}],"collection":[{"href":"https:\/\/www.museuhistoricosl.com.br\/loja\/wp-json\/wp\/v2\/product"}],"about":[{"href":"https:\/\/www.museuhistoricosl.com.br\/loja\/wp-json\/wp\/v2\/types\/product"}],"replies":[{"embeddable":true,"href":"https:\/\/www.museuhistoricosl.com.br\/loja\/wp-json\/wp\/v2\/comments?post=14800"}],"wp:featuredmedia":[{"embeddable":true,"href":"https:\/\/www.museuhistoricosl.com.br\/loja\/wp-json\/wp\/v2\/media\/14799"}],"wp:attachment":[{"href":"https:\/\/www.museuhistoricosl.com.br\/loja\/wp-json\/wp\/v2\/media?parent=14800"}],"wp:term":[{"taxonomy":"product_cat","embeddable":true,"href":"https:\/\/www.museuhistoricosl.com.br\/loja\/wp-json\/wp\/v2\/product_cat?post=14800"},{"taxonomy":"product_tag","embeddable":true,"href":"https:\/\/www.museuhistoricosl.com.br\/loja\/wp-json\/wp\/v2\/product_tag?post=14800"}],"curies":[{"name":"wp","href":"https:\/\/api.w.org\/{rel}","templated":true}]}}

<p>Monumento ao Centenário da Imigração e Praça Centenário (Praça do Imigrante). Não tem relação maior com as festividades do Centenário, em 1924. &#8211; Código anterior de catálogo:FD 20,8; Centenário 1924; </p>

<p>Monumento ao Centenário da Imigração e Praça Centenário (Praça do Imigrante). Não tem relação maior com as festividades do Centenário,</p>
