{"id":14792,"date":"2021-12-29T15:00:00","date_gmt":"2021-12-29T18:00:00","guid":{"rendered":"https:\/\/www.museuhistoricosl.com.br\/loja\/produto\/sl020-fd-0004\/"},"modified":"2021-12-29T15:00:00","modified_gmt":"2021-12-29T18:00:00","slug":"sl020-fd-0004","status":"publish","type":"product","link":"https:\/\/www.museuhistoricosl.com.br\/loja\/produto\/sl020-fd-0004\/","title":{"rendered":"SL020-FD-0004"},"content":{"rendered":"<p>Inaugura\u00e7\u00e3o da Casa da Feitoria (Casa do Imigrante), reconstru\u00edda com t\u00e9cnica enxaimel e 1941, durante o governo do prefeito Theodoro Porto da Fonseca. Ap\u00f3s a reinaugura\u00e7\u00e3o, foi instalada nesse pr\u00e9dio a escola Jo\u00e3o Daniel Hillebrand. N\u00e3o tem rela\u00e7\u00e3o maior com as festividades do Centen\u00e1rio, em 1924. &#8211; C\u00f3digo anterior de cat\u00e1logo:FD 20,4; Centen\u00e1rio 1924; <\/p>\n","protected":false},"excerpt":{"rendered":"<p>Inaugura\u00e7\u00e3o da Casa da Feitoria (Casa do Imigrante), reconstru\u00edda com t\u00e9cnica enxaimel e 1941, durante o governo do prefeito Theodoro<\/p>\n","protected":false},"featured_media":14791,"comment_status":"open","ping_status":"closed","template":"","meta":{"_acf_changed":false},"product_cat":[49],"product_tag":[],"class_list":["post-14792","product","type-product","status-publish","has-post-thumbnail","hentry","product_cat-centenario-1924"],"acf":[],"_links":{"self":[{"href":"https:\/\/www.museuhistoricosl.com.br\/loja\/wp-json\/wp\/v2\/product\/14792","targetHints":{"allow":["GET"]}}],"collection":[{"href":"https:\/\/www.museuhistoricosl.com.br\/loja\/wp-json\/wp\/v2\/product"}],"about":[{"href":"https:\/\/www.museuhistoricosl.com.br\/loja\/wp-json\/wp\/v2\/types\/product"}],"replies":[{"embeddable":true,"href":"https:\/\/www.museuhistoricosl.com.br\/loja\/wp-json\/wp\/v2\/comments?post=14792"}],"wp:featuredmedia":[{"embeddable":true,"href":"https:\/\/www.museuhistoricosl.com.br\/loja\/wp-json\/wp\/v2\/media\/14791"}],"wp:attachment":[{"href":"https:\/\/www.museuhistoricosl.com.br\/loja\/wp-json\/wp\/v2\/media?parent=14792"}],"wp:term":[{"taxonomy":"product_cat","embeddable":true,"href":"https:\/\/www.museuhistoricosl.com.br\/loja\/wp-json\/wp\/v2\/product_cat?post=14792"},{"taxonomy":"product_tag","embeddable":true,"href":"https:\/\/www.museuhistoricosl.com.br\/loja\/wp-json\/wp\/v2\/product_tag?post=14792"}],"curies":[{"name":"wp","href":"https:\/\/api.w.org\/{rel}","templated":true}]}}

<p>Inauguração da Casa da Feitoria (Casa do Imigrante), reconstruída com técnica enxaimel e 1941, durante o governo do prefeito Theodoro Porto da Fonseca. Após a reinauguração, foi instalada nesse prédio a escola João Daniel Hillebrand. Não tem relação maior com as festividades do Centenário, em 1924. &#8211; Código anterior de catálogo:FD 20,4; Centenário 1924; </p>

<p>Inauguração da Casa da Feitoria (Casa do Imigrante), reconstruída com técnica enxaimel e 1941, durante o governo do prefeito Theodoro</p>
