{"id":14680,"date":"2021-12-29T14:25:07","date_gmt":"2021-12-29T17:25:07","guid":{"rendered":"https:\/\/www.museuhistoricosl.com.br\/loja\/produto\/sl019-fd-0168\/"},"modified":"2021-12-29T14:25:07","modified_gmt":"2021-12-29T17:25:07","slug":"sl019-fd-0168","status":"publish","type":"product","link":"https:\/\/www.museuhistoricosl.com.br\/loja\/produto\/sl019-fd-0168\/","title":{"rendered":"SL019-FD-0168"},"content":{"rendered":"<p>Constru\u00e7\u00e3o da estrada de acesso at\u00e9 a capelinha do Cemit\u00e9rio Municipal, Doadora: Versalina Pio dos Santos, Foto Jo\u00e3o Carlito de Souza; Cemit\u00e9rios; <\/p>\n","protected":false},"excerpt":{"rendered":"<p>Constru\u00e7\u00e3o da estrada de acesso at\u00e9 a capelinha do Cemit\u00e9rio Municipal, Doadora: Versalina Pio dos Santos, Foto Jo\u00e3o Carlito de<\/p>\n","protected":false},"featured_media":14679,"comment_status":"open","ping_status":"closed","template":"","meta":{"_acf_changed":false},"product_cat":[48],"product_tag":[],"class_list":["post-14680","product","type-product","status-publish","has-post-thumbnail","hentry","product_cat-cemiterios"],"acf":[],"_links":{"self":[{"href":"https:\/\/www.museuhistoricosl.com.br\/loja\/wp-json\/wp\/v2\/product\/14680","targetHints":{"allow":["GET"]}}],"collection":[{"href":"https:\/\/www.museuhistoricosl.com.br\/loja\/wp-json\/wp\/v2\/product"}],"about":[{"href":"https:\/\/www.museuhistoricosl.com.br\/loja\/wp-json\/wp\/v2\/types\/product"}],"replies":[{"embeddable":true,"href":"https:\/\/www.museuhistoricosl.com.br\/loja\/wp-json\/wp\/v2\/comments?post=14680"}],"wp:featuredmedia":[{"embeddable":true,"href":"https:\/\/www.museuhistoricosl.com.br\/loja\/wp-json\/wp\/v2\/media\/14679"}],"wp:attachment":[{"href":"https:\/\/www.museuhistoricosl.com.br\/loja\/wp-json\/wp\/v2\/media?parent=14680"}],"wp:term":[{"taxonomy":"product_cat","embeddable":true,"href":"https:\/\/www.museuhistoricosl.com.br\/loja\/wp-json\/wp\/v2\/product_cat?post=14680"},{"taxonomy":"product_tag","embeddable":true,"href":"https:\/\/www.museuhistoricosl.com.br\/loja\/wp-json\/wp\/v2\/product_tag?post=14680"}],"curies":[{"name":"wp","href":"https:\/\/api.w.org\/{rel}","templated":true}]}}