{"id":13217,"date":"2021-12-28T09:45:05","date_gmt":"2021-12-28T12:45:05","guid":{"rendered":"https:\/\/www.museuhistoricosl.com.br\/loja\/produto\/sl003-fd-0043\/"},"modified":"2021-12-28T09:45:05","modified_gmt":"2021-12-28T12:45:05","slug":"sl003-fd-0043","status":"publish","type":"product","link":"https:\/\/www.museuhistoricosl.com.br\/loja\/produto\/sl003-fd-0043\/","title":{"rendered":"SL003-FD-0043"},"content":{"rendered":"<p>Almo\u00e7o no restaurante do Aeroclube em comemora\u00e7\u00e3o a visita do Tenente-Brigadeiro S\u00edlvio Pires Gomes, Diretor Geral do Departamento de Avia\u00e7\u00e3o Civil do Minist\u00e9rio da Aeron\u00e1utica. &#8211; C\u00f3digo anterior de cat\u00e1logo:FD-3,43; Avia\u00e7\u00e3o; <\/p>\n","protected":false},"excerpt":{"rendered":"<p>Almo\u00e7o no restaurante do Aeroclube em comemora\u00e7\u00e3o a visita do Tenente-Brigadeiro S\u00edlvio Pires Gomes, Diretor Geral do Departamento de Avia\u00e7\u00e3o<\/p>\n","protected":false},"featured_media":13216,"comment_status":"open","ping_status":"closed","template":"","meta":{"_acf_changed":false},"product_cat":[46],"product_tag":[],"class_list":["post-13217","product","type-product","status-publish","has-post-thumbnail","hentry","product_cat-aviacao"],"acf":[],"_links":{"self":[{"href":"https:\/\/www.museuhistoricosl.com.br\/loja\/wp-json\/wp\/v2\/product\/13217","targetHints":{"allow":["GET"]}}],"collection":[{"href":"https:\/\/www.museuhistoricosl.com.br\/loja\/wp-json\/wp\/v2\/product"}],"about":[{"href":"https:\/\/www.museuhistoricosl.com.br\/loja\/wp-json\/wp\/v2\/types\/product"}],"replies":[{"embeddable":true,"href":"https:\/\/www.museuhistoricosl.com.br\/loja\/wp-json\/wp\/v2\/comments?post=13217"}],"wp:featuredmedia":[{"embeddable":true,"href":"https:\/\/www.museuhistoricosl.com.br\/loja\/wp-json\/wp\/v2\/media\/13216"}],"wp:attachment":[{"href":"https:\/\/www.museuhistoricosl.com.br\/loja\/wp-json\/wp\/v2\/media?parent=13217"}],"wp:term":[{"taxonomy":"product_cat","embeddable":true,"href":"https:\/\/www.museuhistoricosl.com.br\/loja\/wp-json\/wp\/v2\/product_cat?post=13217"},{"taxonomy":"product_tag","embeddable":true,"href":"https:\/\/www.museuhistoricosl.com.br\/loja\/wp-json\/wp\/v2\/product_tag?post=13217"}],"curies":[{"name":"wp","href":"https:\/\/api.w.org\/{rel}","templated":true}]}}

<p>Almoço no restaurante do Aeroclube em comemoração a visita do Tenente-Brigadeiro Sílvio Pires Gomes, Diretor Geral do Departamento de Aviação Civil do Ministério da Aeronáutica. &#8211; Código anterior de catálogo:FD-3,43; Aviação; </p>

<p>Almoço no restaurante do Aeroclube em comemoração a visita do Tenente-Brigadeiro Sílvio Pires Gomes, Diretor Geral do Departamento de Aviação</p>
