{"id":13209,"date":"2021-12-28T09:45:02","date_gmt":"2021-12-28T12:45:02","guid":{"rendered":"https:\/\/www.museuhistoricosl.com.br\/loja\/produto\/sl003-fd-0039\/"},"modified":"2021-12-28T09:45:02","modified_gmt":"2021-12-28T12:45:02","slug":"sl003-fd-0039","status":"publish","type":"product","link":"https:\/\/www.museuhistoricosl.com.br\/loja\/produto\/sl003-fd-0039\/","title":{"rendered":"SL003-FD-0039"},"content":{"rendered":"<p>Remi Molin &#8211; consultor jur\u00eddico da C\u00e2mara debatendo causa de \u00e1rea de terra do Aeroclube e supermecados Zaffari 8 set 85 &#8211; C\u00f3digo anterior de cat\u00e1logo:FD-3,39; Avia\u00e7\u00e3o; <\/p>\n","protected":false},"excerpt":{"rendered":"<p>Remi Molin &#8211; consultor jur\u00eddico da C\u00e2mara debatendo causa de \u00e1rea de terra do Aeroclube e supermecados Zaffari 8 set<\/p>\n","protected":false},"featured_media":13208,"comment_status":"open","ping_status":"closed","template":"","meta":{"_acf_changed":false},"product_cat":[46],"product_tag":[],"class_list":["post-13209","product","type-product","status-publish","has-post-thumbnail","hentry","product_cat-aviacao"],"acf":[],"_links":{"self":[{"href":"https:\/\/www.museuhistoricosl.com.br\/loja\/wp-json\/wp\/v2\/product\/13209","targetHints":{"allow":["GET"]}}],"collection":[{"href":"https:\/\/www.museuhistoricosl.com.br\/loja\/wp-json\/wp\/v2\/product"}],"about":[{"href":"https:\/\/www.museuhistoricosl.com.br\/loja\/wp-json\/wp\/v2\/types\/product"}],"replies":[{"embeddable":true,"href":"https:\/\/www.museuhistoricosl.com.br\/loja\/wp-json\/wp\/v2\/comments?post=13209"}],"wp:featuredmedia":[{"embeddable":true,"href":"https:\/\/www.museuhistoricosl.com.br\/loja\/wp-json\/wp\/v2\/media\/13208"}],"wp:attachment":[{"href":"https:\/\/www.museuhistoricosl.com.br\/loja\/wp-json\/wp\/v2\/media?parent=13209"}],"wp:term":[{"taxonomy":"product_cat","embeddable":true,"href":"https:\/\/www.museuhistoricosl.com.br\/loja\/wp-json\/wp\/v2\/product_cat?post=13209"},{"taxonomy":"product_tag","embeddable":true,"href":"https:\/\/www.museuhistoricosl.com.br\/loja\/wp-json\/wp\/v2\/product_tag?post=13209"}],"curies":[{"name":"wp","href":"https:\/\/api.w.org\/{rel}","templated":true}]}}

<p>Remi Molin &#8211; consultor jurídico da Câmara debatendo causa de área de terra do Aeroclube e supermecados Zaffari 8 set 85 &#8211; Código anterior de catálogo:FD-3,39; Aviação; </p>

<p>Remi Molin &#8211; consultor jurídico da Câmara debatendo causa de área de terra do Aeroclube e supermecados Zaffari 8 set</p>
