{"id":13183,"date":"2021-12-28T09:44:49","date_gmt":"2021-12-28T12:44:49","guid":{"rendered":"https:\/\/www.museuhistoricosl.com.br\/loja\/produto\/sl003-fd-0026\/"},"modified":"2021-12-28T09:44:49","modified_gmt":"2021-12-28T12:44:49","slug":"sl003-fd-0026","status":"publish","type":"product","link":"https:\/\/www.museuhistoricosl.com.br\/loja\/produto\/sl003-fd-0026\/","title":{"rendered":"SL003-FD-0026"},"content":{"rendered":"<p>Anivers\u00e1rio de Aeroclube &#8211; 04\/04\/82 &#8211; Cl\u00e1udio Strassburger, Ol\u00edmpio Albrecht, Ruy Ivono\u00e9 dos Santos e Nestor Guilherme Schneider &#8211; C\u00f3digo anterior de cat\u00e1logo:FD-3,26; Avia\u00e7\u00e3o; <\/p>\n","protected":false},"excerpt":{"rendered":"<p>Anivers\u00e1rio de Aeroclube &#8211; 04\/04\/82 &#8211; Cl\u00e1udio Strassburger, Ol\u00edmpio Albrecht, Ruy Ivono\u00e9 dos Santos e Nestor Guilherme Schneider &#8211; C\u00f3digo<\/p>\n","protected":false},"featured_media":13182,"comment_status":"open","ping_status":"closed","template":"","meta":{"_acf_changed":false},"product_cat":[46],"product_tag":[],"class_list":["post-13183","product","type-product","status-publish","has-post-thumbnail","hentry","product_cat-aviacao"],"acf":[],"_links":{"self":[{"href":"https:\/\/www.museuhistoricosl.com.br\/loja\/wp-json\/wp\/v2\/product\/13183","targetHints":{"allow":["GET"]}}],"collection":[{"href":"https:\/\/www.museuhistoricosl.com.br\/loja\/wp-json\/wp\/v2\/product"}],"about":[{"href":"https:\/\/www.museuhistoricosl.com.br\/loja\/wp-json\/wp\/v2\/types\/product"}],"replies":[{"embeddable":true,"href":"https:\/\/www.museuhistoricosl.com.br\/loja\/wp-json\/wp\/v2\/comments?post=13183"}],"wp:featuredmedia":[{"embeddable":true,"href":"https:\/\/www.museuhistoricosl.com.br\/loja\/wp-json\/wp\/v2\/media\/13182"}],"wp:attachment":[{"href":"https:\/\/www.museuhistoricosl.com.br\/loja\/wp-json\/wp\/v2\/media?parent=13183"}],"wp:term":[{"taxonomy":"product_cat","embeddable":true,"href":"https:\/\/www.museuhistoricosl.com.br\/loja\/wp-json\/wp\/v2\/product_cat?post=13183"},{"taxonomy":"product_tag","embeddable":true,"href":"https:\/\/www.museuhistoricosl.com.br\/loja\/wp-json\/wp\/v2\/product_tag?post=13183"}],"curies":[{"name":"wp","href":"https:\/\/api.w.org\/{rel}","templated":true}]}}

<p>Aniversário de Aeroclube &#8211; 04/04/82 &#8211; Cláudio Strassburger, Olímpio Albrecht, Ruy Ivonoé dos Santos e Nestor Guilherme Schneider &#8211; Código anterior de catálogo:FD-3,26; Aviação; </p>

<p>Aniversário de Aeroclube &#8211; 04/04/82 &#8211; Cláudio Strassburger, Olímpio Albrecht, Ruy Ivonoé dos Santos e Nestor Guilherme Schneider &#8211; Código</p>
