{"id":13165,"date":"2021-12-28T09:44:45","date_gmt":"2021-12-28T12:44:45","guid":{"rendered":"https:\/\/www.museuhistoricosl.com.br\/loja\/produto\/sl003-fd-0017\/"},"modified":"2021-12-28T09:44:45","modified_gmt":"2021-12-28T12:44:45","slug":"sl003-fd-0017","status":"publish","type":"product","link":"https:\/\/www.museuhistoricosl.com.br\/loja\/produto\/sl003-fd-0017\/","title":{"rendered":"SL003-FD-0017"},"content":{"rendered":"<p>Junto ao microfone, Guilherme Becker, empres\u00e1rio e pol\u00edtico de Novo Hamburgo (esta descri\u00e7\u00e3o n\u00e3o consta na foto) \u2013 consta na foto o ano de 1946. &#8211; C\u00f3digo anterior de cat\u00e1logo:FD-3,17; Avia\u00e7\u00e3o; <\/p>\n","protected":false},"excerpt":{"rendered":"<p>Junto ao microfone, Guilherme Becker, empres\u00e1rio e pol\u00edtico de Novo Hamburgo (esta descri\u00e7\u00e3o n\u00e3o consta na foto) \u2013 consta na<\/p>\n","protected":false},"featured_media":13164,"comment_status":"open","ping_status":"closed","template":"","meta":{"_acf_changed":false},"product_cat":[46],"product_tag":[],"class_list":["post-13165","product","type-product","status-publish","has-post-thumbnail","hentry","product_cat-aviacao"],"acf":[],"_links":{"self":[{"href":"https:\/\/www.museuhistoricosl.com.br\/loja\/wp-json\/wp\/v2\/product\/13165","targetHints":{"allow":["GET"]}}],"collection":[{"href":"https:\/\/www.museuhistoricosl.com.br\/loja\/wp-json\/wp\/v2\/product"}],"about":[{"href":"https:\/\/www.museuhistoricosl.com.br\/loja\/wp-json\/wp\/v2\/types\/product"}],"replies":[{"embeddable":true,"href":"https:\/\/www.museuhistoricosl.com.br\/loja\/wp-json\/wp\/v2\/comments?post=13165"}],"wp:featuredmedia":[{"embeddable":true,"href":"https:\/\/www.museuhistoricosl.com.br\/loja\/wp-json\/wp\/v2\/media\/13164"}],"wp:attachment":[{"href":"https:\/\/www.museuhistoricosl.com.br\/loja\/wp-json\/wp\/v2\/media?parent=13165"}],"wp:term":[{"taxonomy":"product_cat","embeddable":true,"href":"https:\/\/www.museuhistoricosl.com.br\/loja\/wp-json\/wp\/v2\/product_cat?post=13165"},{"taxonomy":"product_tag","embeddable":true,"href":"https:\/\/www.museuhistoricosl.com.br\/loja\/wp-json\/wp\/v2\/product_tag?post=13165"}],"curies":[{"name":"wp","href":"https:\/\/api.w.org\/{rel}","templated":true}]}}

<p>Junto ao microfone, Guilherme Becker, empresário e político de Novo Hamburgo (esta descrição não consta na foto) – consta na foto o ano de 1946. &#8211; Código anterior de catálogo:FD-3,17; Aviação; </p>

<p>Junto ao microfone, Guilherme Becker, empresário e político de Novo Hamburgo (esta descrição não consta na foto) – consta na</p>
