{"id":13157,"date":"2021-12-28T09:44:42","date_gmt":"2021-12-28T12:44:42","guid":{"rendered":"https:\/\/www.museuhistoricosl.com.br\/loja\/produto\/sl003-fd-0013\/"},"modified":"2021-12-28T09:44:42","modified_gmt":"2021-12-28T12:44:42","slug":"sl003-fd-0013","status":"publish","type":"product","link":"https:\/\/www.museuhistoricosl.com.br\/loja\/produto\/sl003-fd-0013\/","title":{"rendered":"SL003-FD-0013"},"content":{"rendered":"<p>Direita para esquerda, 3\u00aa pessoa \u2013 Michael Mentz \u2013 Harmonia, (3\u00ba distrito de Montenegro) &#8211; Construtor de avi\u00e3o. &#8211; C\u00f3digo anterior de cat\u00e1logo:FD-3,13; Avia\u00e7\u00e3o; <\/p>\n","protected":false},"excerpt":{"rendered":"<p>Direita para esquerda, 3\u00aa pessoa \u2013 Michael Mentz \u2013 Harmonia, (3\u00ba distrito de Montenegro) &#8211; Construtor de avi\u00e3o. &#8211; C\u00f3digo<\/p>\n","protected":false},"featured_media":13156,"comment_status":"open","ping_status":"closed","template":"","meta":{"_acf_changed":false},"product_cat":[46],"product_tag":[],"class_list":["post-13157","product","type-product","status-publish","has-post-thumbnail","hentry","product_cat-aviacao"],"acf":[],"_links":{"self":[{"href":"https:\/\/www.museuhistoricosl.com.br\/loja\/wp-json\/wp\/v2\/product\/13157","targetHints":{"allow":["GET"]}}],"collection":[{"href":"https:\/\/www.museuhistoricosl.com.br\/loja\/wp-json\/wp\/v2\/product"}],"about":[{"href":"https:\/\/www.museuhistoricosl.com.br\/loja\/wp-json\/wp\/v2\/types\/product"}],"replies":[{"embeddable":true,"href":"https:\/\/www.museuhistoricosl.com.br\/loja\/wp-json\/wp\/v2\/comments?post=13157"}],"wp:featuredmedia":[{"embeddable":true,"href":"https:\/\/www.museuhistoricosl.com.br\/loja\/wp-json\/wp\/v2\/media\/13156"}],"wp:attachment":[{"href":"https:\/\/www.museuhistoricosl.com.br\/loja\/wp-json\/wp\/v2\/media?parent=13157"}],"wp:term":[{"taxonomy":"product_cat","embeddable":true,"href":"https:\/\/www.museuhistoricosl.com.br\/loja\/wp-json\/wp\/v2\/product_cat?post=13157"},{"taxonomy":"product_tag","embeddable":true,"href":"https:\/\/www.museuhistoricosl.com.br\/loja\/wp-json\/wp\/v2\/product_tag?post=13157"}],"curies":[{"name":"wp","href":"https:\/\/api.w.org\/{rel}","templated":true}]}}

<p>Direita para esquerda, 3ª pessoa – Michael Mentz – Harmonia, (3º distrito de Montenegro) &#8211; Construtor de avião. &#8211; Código anterior de catálogo:FD-3,13; Aviação; </p>

<p>Direita para esquerda, 3ª pessoa – Michael Mentz – Harmonia, (3º distrito de Montenegro) &#8211; Construtor de avião. &#8211; Código</p>
