{"id":13141,"date":"2021-12-28T09:44:36","date_gmt":"2021-12-28T12:44:36","guid":{"rendered":"https:\/\/www.museuhistoricosl.com.br\/loja\/produto\/sl003-fd-0005\/"},"modified":"2021-12-28T09:44:36","modified_gmt":"2021-12-28T12:44:36","slug":"sl003-fd-0005","status":"publish","type":"product","link":"https:\/\/www.museuhistoricosl.com.br\/loja\/produto\/sl003-fd-0005\/","title":{"rendered":"SL003-FD-0005"},"content":{"rendered":"<p>Tenente-brigadeiro Silvio Pires Gomes ao lado de Jos\u00e9 Carlos Cendon Fortes, presidente do Aeroclube de S\u00e3o Leopoldo. &#8211; C\u00f3digo anterior de cat\u00e1logo:FD-3,5; Avia\u00e7\u00e3o; <\/p>\n","protected":false},"excerpt":{"rendered":"<p>Tenente-brigadeiro Silvio Pires Gomes ao lado de Jos\u00e9 Carlos Cendon Fortes, presidente do Aeroclube de S\u00e3o Leopoldo. &#8211; C\u00f3digo anterior<\/p>\n","protected":false},"featured_media":13140,"comment_status":"open","ping_status":"closed","template":"","meta":{"_acf_changed":false},"product_cat":[46],"product_tag":[],"class_list":["post-13141","product","type-product","status-publish","has-post-thumbnail","hentry","product_cat-aviacao"],"acf":[],"_links":{"self":[{"href":"https:\/\/www.museuhistoricosl.com.br\/loja\/wp-json\/wp\/v2\/product\/13141","targetHints":{"allow":["GET"]}}],"collection":[{"href":"https:\/\/www.museuhistoricosl.com.br\/loja\/wp-json\/wp\/v2\/product"}],"about":[{"href":"https:\/\/www.museuhistoricosl.com.br\/loja\/wp-json\/wp\/v2\/types\/product"}],"replies":[{"embeddable":true,"href":"https:\/\/www.museuhistoricosl.com.br\/loja\/wp-json\/wp\/v2\/comments?post=13141"}],"wp:featuredmedia":[{"embeddable":true,"href":"https:\/\/www.museuhistoricosl.com.br\/loja\/wp-json\/wp\/v2\/media\/13140"}],"wp:attachment":[{"href":"https:\/\/www.museuhistoricosl.com.br\/loja\/wp-json\/wp\/v2\/media?parent=13141"}],"wp:term":[{"taxonomy":"product_cat","embeddable":true,"href":"https:\/\/www.museuhistoricosl.com.br\/loja\/wp-json\/wp\/v2\/product_cat?post=13141"},{"taxonomy":"product_tag","embeddable":true,"href":"https:\/\/www.museuhistoricosl.com.br\/loja\/wp-json\/wp\/v2\/product_tag?post=13141"}],"curies":[{"name":"wp","href":"https:\/\/api.w.org\/{rel}","templated":true}]}}

<p>Tenente-brigadeiro Silvio Pires Gomes ao lado de José Carlos Cendon Fortes, presidente do Aeroclube de São Leopoldo. &#8211; Código anterior de catálogo:FD-3,5; Aviação; </p>

<p>Tenente-brigadeiro Silvio Pires Gomes ao lado de José Carlos Cendon Fortes, presidente do Aeroclube de São Leopoldo. &#8211; Código anterior</p>
